Last updated on 2025-10-26 18:50:30 CET.
| Flavor | Version | Tinstall | Tcheck | Ttotal | Status | Flags |
|---|---|---|---|---|---|---|
| r-devel-linux-x86_64-debian-clang | 0.1.3 | 2.60 | 30.42 | 33.02 | NOTE | |
| r-devel-linux-x86_64-debian-gcc | 0.1.3 | 2.01 | 22.76 | 24.77 | NOTE | |
| r-devel-linux-x86_64-fedora-clang | 0.1.3 | 14.00 | 39.16 | 53.16 | NOTE | |
| r-devel-linux-x86_64-fedora-gcc | 0.1.3 | 47.28 | NOTE | |||
| r-devel-windows-x86_64 | 0.1.3 | 4.00 | 48.00 | 52.00 | OK | |
| r-patched-linux-x86_64 | 0.1.3 | 2.48 | 28.76 | 31.24 | OK | |
| r-release-linux-x86_64 | 0.1.3 | 2.36 | 28.97 | 31.33 | OK | |
| r-release-macos-arm64 | 0.1.3 | 2.00 | 18.00 | 20.00 | OK | |
| r-release-macos-x86_64 | 0.1.3 | 3.00 | 32.00 | 35.00 | OK | |
| r-release-windows-x86_64 | 0.1.3 | 4.00 | 47.00 | 51.00 | OK | |
| r-oldrel-macos-arm64 | 0.1.3 | 1.00 | 17.00 | 18.00 | NOTE | |
| r-oldrel-macos-x86_64 | 0.1.3 | 2.00 | 25.00 | 27.00 | NOTE | |
| r-oldrel-windows-x86_64 | 0.1.3 | 5.00 | 56.00 | 61.00 | NOTE |
Version: 0.1.3
Check: CRAN incoming feasibility
Result: NOTE
Maintainer: ‘Ilana Trumble <ilana.trumble@cuanschutz.edu>’
No Authors@R field in DESCRIPTION.
Please add one, modifying
Authors@R: c(person(given = "Ilana",
family = "Trumble",
role = c("aut", "cre"),
email = "ilana.trumble@cuanschutz.edu"),
person(given = "Orlando",
family = "Ferrer",
role = "aut"),
person(given = "Camden",
family = "Bay",
role = "aut"),
person(given = "Katie",
family = "Mollan",
role = "aut"))
as necessary.
The Description field contains
<doi:10.1080/10543406.2020.1730866> <arXiv:1901.04597>, (Mann and
Please refer to arXiv e-prints via their arXiv DOI <doi:10.48550/arXiv.YYMM.NNNNN>.
Flavors: r-devel-linux-x86_64-debian-clang, r-devel-linux-x86_64-debian-gcc
Version: 0.1.3
Check: dependencies in R code
Result: NOTE
Namespace in Imports field not imported from: ‘MASS’
All declared Imports should be used.
Flavors: r-devel-linux-x86_64-fedora-clang, r-devel-linux-x86_64-fedora-gcc
Version: 0.1.3
Check: LazyData
Result: NOTE
'LazyData' is specified without a 'data' directory
Flavors: r-oldrel-macos-arm64, r-oldrel-macos-x86_64, r-oldrel-windows-x86_64