CRAN Package Check Results for Package wactor

Last updated on 2025-07-18 08:51:22 CEST.

Flavor Version Tinstall Tcheck Ttotal Status Flags
r-devel-linux-x86_64-debian-clang 0.0.1 2.45 34.28 36.73 OK
r-devel-linux-x86_64-debian-gcc 0.0.1 1.87 26.12 27.99 OK
r-devel-linux-x86_64-fedora-clang 0.0.1 54.05 NOTE
r-devel-linux-x86_64-fedora-gcc 0.0.1 51.13 NOTE
r-devel-windows-x86_64 0.0.1 4.00 51.00 55.00 OK
r-patched-linux-x86_64 0.0.1 2.92 30.46 33.38 OK
r-release-linux-x86_64 0.0.1 2.62 30.42 33.04 OK
r-release-macos-arm64 0.0.1 21.00 OK
r-release-macos-x86_64 0.0.1 34.00 OK
r-release-windows-x86_64 0.0.1 5.00 50.00 55.00 OK
r-oldrel-macos-arm64 0.0.1 21.00 NOTE
r-oldrel-macos-x86_64 0.0.1 31.00 NOTE
r-oldrel-windows-x86_64 0.0.1 6.00 62.00 68.00 NOTE

Check Details

Version: 0.0.1
Check: dependencies in R code
Result: NOTE Namespaces in Imports field not imported from: ‘Matrix’ ‘R6’ All declared Imports should be used. Flavors: r-devel-linux-x86_64-fedora-clang, r-devel-linux-x86_64-fedora-gcc

Version: 0.0.1
Check: LazyData
Result: NOTE 'LazyData' is specified without a 'data' directory Flavors: r-oldrel-macos-arm64, r-oldrel-macos-x86_64, r-oldrel-windows-x86_64