CRAN Package Check Results for Package vocaldia

Last updated on 2025-07-18 08:51:21 CEST.

Flavor Version Tinstall Tcheck Ttotal Status Flags
r-devel-linux-x86_64-debian-clang 0.8.4 2.63 30.03 32.66 NOTE
r-devel-linux-x86_64-debian-gcc 0.8.4 2.01 23.28 25.29 NOTE
r-devel-linux-x86_64-fedora-clang 0.8.4 47.79 NOTE
r-devel-linux-x86_64-fedora-gcc 0.8.4 46.03 NOTE
r-devel-windows-x86_64 0.8.4 3.00 54.00 57.00 NOTE
r-patched-linux-x86_64 0.8.4 2.79 27.37 30.16 NOTE
r-release-linux-x86_64 0.8.4 2.34 27.22 29.56 NOTE
r-release-macos-arm64 0.8.4 20.00 NOTE
r-release-macos-x86_64 0.8.4 41.00 NOTE
r-release-windows-x86_64 0.8.4 4.00 54.00 58.00 NOTE
r-oldrel-macos-arm64 0.8.4 19.00 NOTE
r-oldrel-macos-x86_64 0.8.4 32.00 NOTE
r-oldrel-windows-x86_64 0.8.4 4.00 62.00 66.00 NOTE

Check Details

Version: 0.8.4
Check: Rd files
Result: NOTE checkRd: (-1) getTurnType.Rd:38: Lost braces; missing escapes or markup? 38 | Return one of {Vocalisation, GrpVocalisation, ...} or identifier. | ^ Flavors: r-devel-linux-x86_64-debian-clang, r-devel-linux-x86_64-debian-gcc, r-devel-linux-x86_64-fedora-clang, r-devel-linux-x86_64-fedora-gcc, r-devel-windows-x86_64, r-patched-linux-x86_64, r-release-linux-x86_64, r-release-macos-arm64, r-release-macos-x86_64, r-release-windows-x86_64, r-oldrel-macos-arm64, r-oldrel-macos-x86_64, r-oldrel-windows-x86_64