CRAN Package Check Results for Package vocaldia

Last updated on 2025-10-27 07:50:19 CET.

Flavor Version Tinstall Tcheck Ttotal Status Flags
r-devel-linux-x86_64-debian-clang 0.8.4 2.74 31.60 34.34 NOTE
r-devel-linux-x86_64-debian-gcc 0.8.4 1.69 24.07 25.76 NOTE
r-devel-linux-x86_64-fedora-clang 0.8.4 48.89 NOTE
r-devel-linux-x86_64-fedora-gcc 0.8.4 46.75 NOTE
r-devel-windows-x86_64 0.8.4 3.00 52.00 55.00 NOTE
r-patched-linux-x86_64 0.8.4 3.16 29.08 32.24 NOTE
r-release-linux-x86_64 0.8.4 2.58 29.04 31.62 NOTE
r-release-macos-arm64 0.8.4 2.00 18.00 20.00 NOTE
r-release-macos-x86_64 0.8.4 2.00 39.00 41.00 NOTE
r-release-windows-x86_64 0.8.4 6.00 54.00 60.00 NOTE
r-oldrel-macos-arm64 0.8.4 1.00 18.00 19.00 NOTE
r-oldrel-macos-x86_64 0.8.4 2.00 30.00 32.00 NOTE
r-oldrel-windows-x86_64 0.8.4 5.00 59.00 64.00 NOTE

Check Details

Version: 0.8.4
Check: Rd files
Result: NOTE checkRd: (-1) getTurnType.Rd:38: Lost braces; missing escapes or markup? 38 | Return one of {Vocalisation, GrpVocalisation, ...} or identifier. | ^ Flavors: r-devel-linux-x86_64-debian-clang, r-devel-linux-x86_64-debian-gcc, r-devel-linux-x86_64-fedora-clang, r-devel-linux-x86_64-fedora-gcc, r-devel-windows-x86_64, r-patched-linux-x86_64, r-release-linux-x86_64, r-release-macos-arm64, r-release-macos-x86_64, r-release-windows-x86_64, r-oldrel-macos-arm64, r-oldrel-macos-x86_64, r-oldrel-windows-x86_64