Last updated on 2025-10-27 19:53:16 CET.
| Flavor | Version | Tinstall | Tcheck | Ttotal | Status | Flags |
|---|---|---|---|---|---|---|
| r-devel-linux-x86_64-debian-clang | 0.2.0 | 32.87 | 26.56 | 59.43 | NOTE | |
| r-devel-linux-x86_64-debian-gcc | 0.2.0 | 20.10 | 21.17 | 41.27 | NOTE | |
| r-devel-linux-x86_64-fedora-clang | 0.2.0 | 77.00 | 35.01 | 112.01 | NOTE | |
| r-devel-linux-x86_64-fedora-gcc | 0.2.0 | 65.00 | 31.48 | 96.48 | NOTE | |
| r-devel-windows-x86_64 | 0.2.0 | 34.00 | 63.00 | 97.00 | NOTE | |
| r-patched-linux-x86_64 | 0.2.0 | 31.24 | 25.51 | 56.75 | NOTE | |
| r-release-linux-x86_64 | 0.2.0 | 30.66 | 25.64 | 56.30 | NOTE | |
| r-release-macos-arm64 | 0.2.0 | 14.00 | 16.00 | 30.00 | NOTE | |
| r-release-macos-x86_64 | 0.2.0 | 12.00 | 29.00 | 41.00 | NOTE | |
| r-release-windows-x86_64 | 0.2.0 | 37.00 | 65.00 | 102.00 | NOTE | |
| r-oldrel-macos-arm64 | 0.2.0 | 15.00 | 16.00 | 31.00 | NOTE | |
| r-oldrel-macos-x86_64 | 0.2.0 | 14.00 | 25.00 | 39.00 | NOTE | |
| r-oldrel-windows-x86_64 | 0.2.0 | 33.00 | 75.00 | 108.00 | NOTE |
Version: 0.2.0
Check: C++ specification
Result: NOTE
Specified C++11: please drop specification unless essential
Flavors: r-devel-linux-x86_64-debian-clang, r-devel-linux-x86_64-debian-gcc, r-devel-linux-x86_64-fedora-clang, r-devel-linux-x86_64-fedora-gcc, r-devel-windows-x86_64, r-patched-linux-x86_64, r-release-linux-x86_64, r-release-macos-arm64, r-release-macos-x86_64, r-release-windows-x86_64, r-oldrel-macos-arm64, r-oldrel-macos-x86_64, r-oldrel-windows-x86_64