Last updated on 2025-07-18 08:51:21 CEST.
Flavor | Version | Tinstall | Tcheck | Ttotal | Status | Flags |
---|---|---|---|---|---|---|
r-devel-linux-x86_64-debian-clang | 2.1.0 | 17.27 | 141.55 | 158.82 | OK | |
r-devel-linux-x86_64-debian-gcc | 2.1.0 | 11.50 | 102.23 | 113.73 | OK | |
r-devel-linux-x86_64-fedora-clang | 2.1.0 | 215.70 | OK | |||
r-devel-linux-x86_64-fedora-gcc | 2.1.0 | 206.88 | OK | |||
r-devel-windows-x86_64 | 2.1.0 | 20.00 | 163.00 | 183.00 | OK | |
r-patched-linux-x86_64 | 2.1.0 | 18.79 | 133.75 | 152.54 | OK | |
r-release-linux-x86_64 | 2.1.0 | 18.54 | 133.63 | 152.17 | OK | |
r-release-macos-arm64 | 2.1.0 | 77.00 | OK | |||
r-release-macos-x86_64 | 2.1.0 | 175.00 | OK | |||
r-release-windows-x86_64 | 2.1.0 | 18.00 | 162.00 | 180.00 | OK | |
r-oldrel-macos-arm64 | 2.1.0 | 94.00 | NOTE | |||
r-oldrel-macos-x86_64 | 2.1.0 | 186.00 | NOTE | |||
r-oldrel-windows-x86_64 | 2.1.0 | 28.00 | 218.00 | 246.00 | NOTE |
Version: 2.1.0
Check: installed package size
Result: NOTE
installed size is 7.2Mb
sub-directories of 1Mb or more:
doc 4.5Mb
ubinc 2.0Mb
Flavors: r-oldrel-macos-arm64, r-oldrel-macos-x86_64, r-oldrel-windows-x86_64