Last updated on 2025-10-26 18:50:29 CET.
| Flavor | Version | Tinstall | Tcheck | Ttotal | Status | Flags |
|---|---|---|---|---|---|---|
| r-devel-linux-x86_64-debian-clang | 1.1.6 | 19.08 | 154.40 | 173.48 | OK | |
| r-devel-linux-x86_64-debian-gcc | 1.1.6 | 12.46 | 104.36 | 116.82 | OK | |
| r-devel-linux-x86_64-fedora-clang | 1.1.6 | 106.00 | 188.26 | 294.26 | OK | |
| r-devel-linux-x86_64-fedora-gcc | 1.1.6 | 41.00 | 220.86 | 261.86 | OK | |
| r-devel-windows-x86_64 | 1.1.6 | 22.00 | 219.00 | 241.00 | OK | |
| r-patched-linux-x86_64 | 1.1.6 | 15.23 | 146.37 | 161.60 | OK | |
| r-release-linux-x86_64 | 1.1.6 | 15.73 | 146.76 | 162.49 | OK | |
| r-release-macos-arm64 | 1.1.6 | 8.00 | 51.00 | 59.00 | OK | |
| r-release-macos-x86_64 | 1.1.6 | 15.00 | 121.00 | 136.00 | OK | |
| r-release-windows-x86_64 | 1.1.6 | 25.00 | 159.00 | 184.00 | OK | |
| r-oldrel-macos-arm64 | 1.1.6 | 9.00 | 64.00 | 73.00 | OK | |
| r-oldrel-macos-x86_64 | 1.1.6 | 18.00 | 144.00 | 162.00 | NOTE | |
| r-oldrel-windows-x86_64 | 1.1.6 | 29.00 | 205.00 | 234.00 | OK |
Version: 1.1.6
Check: R code for possible problems
Result: NOTE
Fatal error: cannot create 'R_TempDir'
Flavor: r-oldrel-macos-x86_64