CRAN Package Check Results for Package traveltimeR

Last updated on 2025-07-18 08:51:20 CEST.

Flavor Version Tinstall Tcheck Ttotal Status Flags
r-devel-linux-x86_64-debian-clang 1.2.1 2.49 31.98 34.47 NOTE
r-devel-linux-x86_64-debian-gcc 1.3.1 1.93 25.12 27.05 OK
r-devel-linux-x86_64-fedora-clang 1.3.1 54.09 OK
r-devel-linux-x86_64-fedora-gcc 1.3.1 51.95 OK
r-devel-windows-x86_64 1.2.1 4.00 50.00 54.00 NOTE
r-patched-linux-x86_64 1.2.1 2.67 28.82 31.49 NOTE
r-release-linux-x86_64 1.2.1 2.64 28.74 31.38 NOTE
r-release-macos-arm64 1.3.1 19.00 OK
r-release-macos-x86_64 1.3.1 32.00 OK
r-release-windows-x86_64 1.3.1 5.00 50.00 55.00 OK
r-oldrel-macos-arm64 1.3.1 25.00 OK
r-oldrel-macos-x86_64 1.3.1 36.00 OK
r-oldrel-windows-x86_64 1.3.1 5.00 59.00 64.00 OK

Check Details

Version: 1.2.1
Check: DESCRIPTION meta-information
Result: NOTE Missing dependency on R >= 4.1.0 because package code uses the pipe |> or function shorthand \(...) syntax added in R 4.1.0. File(s) using such syntax: ‘utils.R’ Flavors: r-devel-linux-x86_64-debian-clang, r-devel-windows-x86_64, r-patched-linux-x86_64, r-release-linux-x86_64