Last updated on 2025-10-27 07:50:17 CET.
| Flavor | Version | Tinstall | Tcheck | Ttotal | Status | Flags |
|---|---|---|---|---|---|---|
| r-devel-linux-x86_64-debian-clang | 1.0 | 8.08 | 62.52 | 70.60 | NOTE | |
| r-devel-linux-x86_64-debian-gcc | 1.0 | 5.30 | 45.46 | 50.76 | NOTE | |
| r-devel-linux-x86_64-fedora-clang | 1.0 | 15.00 | 89.97 | 104.97 | OK | |
| r-devel-linux-x86_64-fedora-gcc | 1.0 | 16.00 | 85.41 | 101.41 | OK | |
| r-devel-windows-x86_64 | 1.0 | 10.00 | 73.00 | 83.00 | OK | |
| r-patched-linux-x86_64 | 1.0 | 7.81 | 58.35 | 66.16 | OK | |
| r-release-linux-x86_64 | 1.0 | 7.38 | 59.40 | 66.78 | OK | |
| r-release-macos-arm64 | 1.0 | 5.00 | 34.00 | 39.00 | OK | |
| r-release-macos-x86_64 | 1.0 | 7.00 | 54.00 | 61.00 | OK | |
| r-release-windows-x86_64 | 1.0 | 11.00 | 76.00 | 87.00 | OK | |
| r-oldrel-macos-arm64 | 1.0 | 3.00 | 27.00 | 30.00 | OK | |
| r-oldrel-macos-x86_64 | 1.0 | 5.00 | 42.00 | 47.00 | OK | |
| r-oldrel-windows-x86_64 | 1.0 | 13.00 | 90.00 | 103.00 | OK |
Version: 1.0
Check: CRAN incoming feasibility
Result: NOTE
Maintainer: ‘Ronja Foraita <foraita@leibniz-bips.de>’
The Description field contains
<arXiv:2108.13395> provide a guide how to use tpc to analyse cohort
Please refer to arXiv e-prints via their arXiv DOI <doi:10.48550/arXiv.YYMM.NNNNN>.
Flavors: r-devel-linux-x86_64-debian-clang, r-devel-linux-x86_64-debian-gcc