Last updated on 2025-07-18 08:51:20 CEST.
Flavor | Version | Tinstall | Tcheck | Ttotal | Status | Flags |
---|---|---|---|---|---|---|
r-devel-linux-x86_64-debian-clang | 0.1.3 | 76.40 | 25.12 | 101.52 | OK | |
r-devel-linux-x86_64-debian-gcc | 0.1.3 | 58.31 | 21.06 | 79.37 | OK | |
r-devel-linux-x86_64-fedora-clang | 0.1.3 | 175.10 | OK | |||
r-devel-linux-x86_64-fedora-gcc | 0.1.3 | 188.62 | OK | |||
r-devel-windows-x86_64 | 0.1.3 | 73.00 | 75.00 | 148.00 | OK | |
r-patched-linux-x86_64 | 0.1.3 | 81.45 | 23.93 | 105.38 | OK | |
r-release-linux-x86_64 | 0.1.3 | 81.92 | 23.91 | 105.83 | OK | |
r-release-macos-arm64 | 0.1.3 | 51.00 | OK | |||
r-release-macos-x86_64 | 0.1.3 | 70.00 | OK | |||
r-release-windows-x86_64 | 0.1.3 | 73.00 | 72.00 | 145.00 | OK | |
r-oldrel-macos-arm64 | 0.1.3 | 53.00 | NOTE | |||
r-oldrel-macos-x86_64 | 0.1.3 | 58.00 | NOTE | |||
r-oldrel-windows-x86_64 | 0.1.3 | 68.00 | 88.00 | 156.00 | OK |
Version: 0.1.3
Check: installed package size
Result: NOTE
installed size is 6.1Mb
sub-directories of 1Mb or more:
libs 5.1Mb
Flavors: r-oldrel-macos-arm64, r-oldrel-macos-x86_64