Last updated on 2025-07-18 08:51:19 CEST.
Flavor | Version | Tinstall | Tcheck | Ttotal | Status | Flags |
---|---|---|---|---|---|---|
r-devel-linux-x86_64-debian-clang | 0.0.3 | 18.94 | 23.51 | 42.45 | NOTE | |
r-devel-linux-x86_64-debian-gcc | 0.0.3 | 14.70 | 19.47 | 34.17 | NOTE | |
r-devel-linux-x86_64-fedora-clang | 0.0.3 | 75.12 | NOTE | |||
r-devel-linux-x86_64-fedora-gcc | 0.0.3 | 68.98 | NOTE | |||
r-devel-windows-x86_64 | 0.0.3 | 25.00 | 66.00 | 91.00 | NOTE | |
r-patched-linux-x86_64 | 0.0.3 | 22.50 | 22.44 | 44.94 | NOTE | |
r-release-linux-x86_64 | 0.0.3 | 20.06 | 22.61 | 42.67 | NOTE | |
r-release-macos-arm64 | 0.0.3 | 26.00 | NOTE | |||
r-release-macos-x86_64 | 0.0.3 | 39.00 | NOTE | |||
r-release-windows-x86_64 | 0.0.3 | 26.00 | 65.00 | 91.00 | NOTE | |
r-oldrel-macos-arm64 | 0.0.3 | 25.00 | NOTE | |||
r-oldrel-macos-x86_64 | 0.0.3 | 37.00 | NOTE | |||
r-oldrel-windows-x86_64 | 0.0.3 | 30.00 | 79.00 | 109.00 | NOTE |
Version: 0.0.3
Check: C++ specification
Result: NOTE
Specified C++11: please drop specification unless essential
Flavors: r-devel-linux-x86_64-debian-clang, r-devel-linux-x86_64-debian-gcc, r-devel-linux-x86_64-fedora-clang, r-devel-linux-x86_64-fedora-gcc, r-devel-windows-x86_64, r-patched-linux-x86_64, r-release-linux-x86_64, r-release-macos-arm64, r-release-macos-x86_64, r-release-windows-x86_64, r-oldrel-macos-arm64, r-oldrel-macos-x86_64, r-oldrel-windows-x86_64