Last updated on 2025-10-27 07:50:16 CET.
| Flavor | Version | Tinstall | Tcheck | Ttotal | Status | Flags |
|---|---|---|---|---|---|---|
| r-devel-linux-x86_64-debian-clang | 1.2.2 | 8.65 | 93.64 | 102.29 | OK | |
| r-devel-linux-x86_64-debian-gcc | 1.2.2 | 6.97 | 69.60 | 76.57 | OK | |
| r-devel-linux-x86_64-fedora-clang | 1.2.2 | 20.00 | 136.84 | 156.84 | OK | |
| r-devel-linux-x86_64-fedora-gcc | 1.2.2 | 21.00 | 141.43 | 162.43 | OK | |
| r-devel-windows-x86_64 | 1.2.2 | 12.00 | 114.00 | 126.00 | OK | |
| r-patched-linux-x86_64 | 1.2.2 | 9.98 | 91.62 | 101.60 | OK | |
| r-release-linux-x86_64 | 1.2.2 | 7.91 | 92.02 | 99.93 | OK | |
| r-release-macos-arm64 | 1.2.2 | 5.00 | 38.00 | 43.00 | OK | |
| r-release-macos-x86_64 | 1.2.2 | 7.00 | 82.00 | 89.00 | OK | |
| r-release-windows-x86_64 | 1.2.2 | 11.00 | 119.00 | 130.00 | OK | |
| r-oldrel-macos-arm64 | 1.2.2 | 4.00 | 45.00 | 49.00 | NOTE | |
| r-oldrel-macos-x86_64 | 1.2.2 | 9.00 | 84.00 | 93.00 | NOTE | |
| r-oldrel-windows-x86_64 | 1.2.2 | 14.00 | 139.00 | 153.00 | NOTE |
Version: 1.2.2
Check: installed package size
Result: NOTE
installed size is 5.2Mb
sub-directories of 1Mb or more:
data 4.8Mb
Flavors: r-oldrel-macos-arm64, r-oldrel-macos-x86_64, r-oldrel-windows-x86_64