Last updated on 2025-07-18 08:51:19 CEST.
Flavor | Version | Tinstall | Tcheck | Ttotal | Status | Flags |
---|---|---|---|---|---|---|
r-devel-linux-x86_64-debian-clang | 0.1.0 | 9.17 | 77.60 | 86.77 | NOTE | |
r-devel-linux-x86_64-debian-gcc | 0.1.0 | 6.60 | 56.57 | 63.17 | NOTE | |
r-devel-linux-x86_64-fedora-clang | 0.1.0 | 131.43 | OK | |||
r-devel-linux-x86_64-fedora-gcc | 0.1.0 | 121.53 | OK | |||
r-devel-windows-x86_64 | 0.1.0 | 10.00 | 87.00 | 97.00 | OK | |
r-patched-linux-x86_64 | 0.1.0 | 10.19 | 72.05 | 82.24 | OK | |
r-release-linux-x86_64 | 0.1.0 | 6.57 | 72.23 | 78.80 | OK | |
r-release-macos-arm64 | 0.1.0 | 39.00 | OK | |||
r-release-macos-x86_64 | 0.1.0 | 78.00 | OK | |||
r-release-windows-x86_64 | 0.1.0 | 10.00 | 86.00 | 96.00 | OK | |
r-oldrel-macos-arm64 | 0.1.0 | 40.00 | OK | |||
r-oldrel-macos-x86_64 | 0.1.0 | 62.00 | OK | |||
r-oldrel-windows-x86_64 | 0.1.0 | 14.00 | 111.00 | 125.00 | OK |
Version: 0.1.0
Check: CRAN incoming feasibility
Result: NOTE
Maintainer: ‘Xuefei Jia <xuefeij.ai@gmail.com>’
No Authors@R field in DESCRIPTION.
Please add one, modifying
Authors@R: person(given = "Xuefei",
family = "Jia",
role = c("aut", "cre"),
email = "xuefeij.ai@gmail.com")
as necessary.
Flavors: r-devel-linux-x86_64-debian-clang, r-devel-linux-x86_64-debian-gcc