Last updated on 2025-11-06 07:49:52 CET.
| Flavor | Version | Tinstall | Tcheck | Ttotal | Status | Flags |
|---|---|---|---|---|---|---|
| r-devel-linux-x86_64-debian-clang | 0.9.9.3 | 4.28 | 23.85 | 28.13 | NOTE | |
| r-devel-linux-x86_64-debian-gcc | 0.9.9.3 | 3.38 | 18.26 | 21.64 | NOTE | |
| r-devel-linux-x86_64-fedora-clang | 0.9.9.3 | 39.16 | OK | |||
| r-devel-linux-x86_64-fedora-gcc | 0.9.9.3 | 10.00 | 28.14 | 38.14 | OK | |
| r-devel-windows-x86_64 | 0.9.9.3 | 10.00 | 42.00 | 52.00 | OK | |
| r-patched-linux-x86_64 | 0.9.9.3 | 4.43 | 21.76 | 26.19 | OK | |
| r-release-linux-x86_64 | 0.9.9.3 | 3.95 | 21.65 | 25.60 | OK | |
| r-release-macos-arm64 | 0.9.9.3 | 3.00 | 15.00 | 18.00 | OK | |
| r-release-macos-x86_64 | 0.9.9.3 | 6.00 | 24.00 | 30.00 | OK | |
| r-release-windows-x86_64 | 0.9.9.3 | 11.00 | 43.00 | 54.00 | OK | |
| r-oldrel-macos-arm64 | 0.9.9.3 | 3.00 | 15.00 | 18.00 | OK | |
| r-oldrel-macos-x86_64 | 0.9.9.3 | 4.00 | 22.00 | 26.00 | OK | |
| r-oldrel-windows-x86_64 | 0.9.9.3 | 9.00 | 45.00 | 54.00 | OK |
Version: 0.9.9.3
Check: CRAN incoming feasibility
Result: NOTE
Maintainer: ‘Jerome Collet <jeromepcollet@gmail.com>’
No Authors@R field in DESCRIPTION.
Please add one, modifying
Authors@R: person(given = "Jerome",
family = "Collet",
role = c("aut", "cre"),
email = "jeromepcollet@gmail.com")
as necessary.
Flavors: r-devel-linux-x86_64-debian-clang, r-devel-linux-x86_64-debian-gcc