Last updated on 2025-11-21 19:51:38 CET.
| Flavor | Version | Tinstall | Tcheck | Ttotal | Status | Flags |
|---|---|---|---|---|---|---|
| r-devel-linux-x86_64-debian-clang | 1.8.7 | 120.79 | 80.81 | 201.60 | OK | |
| r-devel-linux-x86_64-debian-gcc | 1.8.7 | 81.81 | 57.68 | 139.49 | OK | |
| r-devel-linux-x86_64-fedora-clang | 1.8.7 | 451.00 | 19.21 | 470.21 | OK | |
| r-devel-linux-x86_64-fedora-gcc | 1.8.7 | 275.00 | 34.47 | 309.47 | OK | |
| r-devel-windows-x86_64 | 1.8.7 | 878.00 | 154.00 | 1032.00 | OK | |
| r-patched-linux-x86_64 | 1.8.7 | 110.48 | 68.15 | 178.63 | OK | |
| r-release-linux-x86_64 | 1.8.7 | 107.10 | 67.85 | 174.95 | OK | |
| r-release-macos-arm64 | 1.8.7 | OK | ||||
| r-release-macos-x86_64 | 1.8.7 | 65.00 | 65.00 | 130.00 | OK | |
| r-release-windows-x86_64 | 1.8.7 | 909.00 | 155.00 | 1064.00 | OK | |
| r-oldrel-macos-arm64 | 1.8.7 | NOTE | ||||
| r-oldrel-macos-x86_64 | 1.8.7 | 59.00 | 101.00 | 160.00 | NOTE | |
| r-oldrel-windows-x86_64 | 1.8.7 | 607.00 | 169.00 | 776.00 | NOTE |
Version: 1.8.7
Check: installed package size
Result: NOTE
installed size is 34.7Mb
sub-directories of 1Mb or more:
libs 33.9Mb
Flavors: r-oldrel-macos-arm64, r-oldrel-macos-x86_64, r-oldrel-windows-x86_64