Last updated on 2025-07-17 20:50:29 CEST.
Flavor | Version | Tinstall | Tcheck | Ttotal | Status | Flags |
---|---|---|---|---|---|---|
r-devel-linux-x86_64-debian-clang | 1.4 | 7.31 | 68.82 | 76.13 | NOTE | |
r-devel-linux-x86_64-debian-gcc | 1.4 | 5.50 | 46.43 | 51.93 | NOTE | |
r-devel-linux-x86_64-fedora-clang | 1.4 | 121.57 | OK | |||
r-devel-linux-x86_64-fedora-gcc | 1.4 | 113.40 | OK | |||
r-devel-windows-x86_64 | 1.4 | 11.00 | 86.00 | 97.00 | OK | |
r-patched-linux-x86_64 | 1.4 | 6.37 | 66.42 | 72.79 | OK | |
r-release-linux-x86_64 | 1.4 | 7.04 | 66.04 | 73.08 | OK | |
r-release-macos-arm64 | 1.4 | 39.00 | OK | |||
r-release-macos-x86_64 | 1.4 | 69.00 | OK | |||
r-release-windows-x86_64 | 1.4 | 9.00 | 85.00 | 94.00 | OK | |
r-oldrel-macos-arm64 | 1.4 | 36.00 | OK | |||
r-oldrel-macos-x86_64 | 1.4 | 55.00 | OK | |||
r-oldrel-windows-x86_64 | 1.4 | 14.00 | 107.00 | 121.00 | OK |
Version: 1.4
Check: CRAN incoming feasibility
Result: NOTE
Maintainer: ‘Nele Schuwirth <nele.schuwirth@eawag.ch>’
No Authors@R field in DESCRIPTION.
Please add one, modifying
Authors@R: c(person(given = "Nele",
family = "Schuwirth",
role = c("aut", "cre"),
email = "nele.schuwirth@eawag.ch"),
person(given = "Peter",
family = "Reichert",
role = "aut"),
person(given = "Mikolaj",
family = "Rybinski",
role = "aut"))
as necessary.
Flavors: r-devel-linux-x86_64-debian-clang, r-devel-linux-x86_64-debian-gcc