CRAN Package Check Results for Package staplr

Last updated on 2025-07-18 08:51:18 CEST.

Flavor Version Tinstall Tcheck Ttotal Status Flags
r-devel-linux-x86_64-debian-clang 3.2.2 7.34 131.20 138.54 NOTE
r-devel-linux-x86_64-debian-gcc 3.2.2 5.97 117.84 123.81 NOTE
r-devel-linux-x86_64-fedora-clang 3.2.2 213.97 NOTE
r-devel-linux-x86_64-fedora-gcc 3.2.2 218.44 NOTE
r-devel-windows-x86_64 3.2.2 8.00 149.00 157.00 NOTE
r-patched-linux-x86_64 3.2.2 6.56 124.15 130.71 NOTE
r-release-linux-x86_64 3.2.2 6.36 125.41 131.77 NOTE
r-release-macos-arm64 3.2.2 193.00 NOTE
r-release-macos-x86_64 3.2.2 332.00 NOTE
r-release-windows-x86_64 3.2.2 8.00 150.00 158.00 NOTE
r-oldrel-macos-arm64 3.2.2 150.00 NOTE
r-oldrel-macos-x86_64 3.2.2 223.00 NOTE
r-oldrel-windows-x86_64 3.2.2 10.00 186.00 196.00 NOTE

Check Details

Version: 3.2.2
Check: Rd files
Result: NOTE checkRd: (-1) get_fields.Rd:27: Lost braces 27 | codes, the function will return a warning by default, suggesting setting \code{convert_field_names} to code{TRUE}. | ^ checkRd: (-1) identify_form_fields.Rd:34: Lost braces 34 | codes, the function will return a warning by default, suggesting setting \code{convert_field_names} to code{TRUE}. | ^ Flavors: r-devel-linux-x86_64-debian-clang, r-devel-linux-x86_64-debian-gcc, r-devel-linux-x86_64-fedora-clang, r-devel-linux-x86_64-fedora-gcc, r-devel-windows-x86_64, r-patched-linux-x86_64, r-release-linux-x86_64, r-release-macos-arm64, r-release-macos-x86_64, r-release-windows-x86_64, r-oldrel-macos-arm64, r-oldrel-macos-x86_64, r-oldrel-windows-x86_64