Last updated on 2025-07-18 08:51:18 CEST.
Flavor | Version | Tinstall | Tcheck | Ttotal | Status | Flags |
---|---|---|---|---|---|---|
r-devel-linux-x86_64-debian-clang | 5.5.1 | 31.30 | 344.56 | 375.86 | OK | |
r-devel-linux-x86_64-debian-gcc | 5.5.1 | 18.97 | 228.68 | 247.65 | OK | |
r-devel-linux-x86_64-fedora-clang | 5.5.1 | 575.23 | OK | |||
r-devel-linux-x86_64-fedora-gcc | 5.5.1 | 611.69 | OK | |||
r-devel-windows-x86_64 | 5.5.1 | 30.00 | 287.00 | 317.00 | OK | |
r-patched-linux-x86_64 | 5.5.1 | 30.34 | 327.79 | 358.13 | OK | |
r-release-linux-x86_64 | 5.5.1 | 28.79 | 328.77 | 357.56 | OK | |
r-release-macos-arm64 | 5.5.1 | 192.00 | OK | |||
r-release-macos-x86_64 | 5.5.1 | 335.00 | OK | |||
r-release-windows-x86_64 | 5.5.1 | 31.00 | 284.00 | 315.00 | OK | |
r-oldrel-macos-arm64 | 5.5.1 | 136.00 | NOTE | |||
r-oldrel-macos-x86_64 | 5.5.1 | 230.00 | NOTE | |||
r-oldrel-windows-x86_64 | 5.5.1 | 42.00 | 391.00 | 433.00 | NOTE |
Version: 5.5.1
Check: installed package size
Result: NOTE
installed size is 7.1Mb
sub-directories of 1Mb or more:
doc 5.5Mb
Flavors: r-oldrel-macos-arm64, r-oldrel-macos-x86_64, r-oldrel-windows-x86_64