CRAN Package Check Results for Package spinyReg

Last updated on 2025-11-06 07:49:52 CET.

Flavor Version Tinstall Tcheck Ttotal Status Flags
r-devel-linux-x86_64-debian-clang 0.1-0 2.64 23.59 26.23 NOTE
r-devel-linux-x86_64-debian-gcc 0.1-0 2.01 19.33 21.34 NOTE
r-devel-linux-x86_64-fedora-clang 0.1-0 38.84 OK
r-devel-linux-x86_64-fedora-gcc 0.1-0 36.45 OK
r-devel-windows-x86_64 0.1-0 4.00 50.00 54.00 OK
r-patched-linux-x86_64 0.1-0 2.65 22.63 25.28 OK
r-release-linux-x86_64 0.1-0 2.53 22.33 24.86 OK
r-release-macos-arm64 0.1-0 1.00 16.00 17.00 OK
r-release-macos-x86_64 0.1-0 2.00 24.00 26.00 OK
r-release-windows-x86_64 0.1-0 4.00 48.00 52.00 OK
r-oldrel-macos-arm64 0.1-0 1.00 15.00 16.00 OK
r-oldrel-macos-x86_64 0.1-0 3.00 22.00 25.00 OK
r-oldrel-windows-x86_64 0.1-0 3.00 47.00 50.00 OK

Check Details

Version: 0.1-0
Check: CRAN incoming feasibility
Result: NOTE Maintainer: ‘Julien Chiquet <julien.chiquet@gmail.com>’ No Authors@R field in DESCRIPTION. Please add one, modifying Authors@R: c(person(given = "Charles", family = "Bouveyron", role = "aut"), person(given = "Julien", family = "Chiquet", role = c("aut", "cre"), email = "julien.chiquet@gmail.com"), person(given = "Pierre", family = "Latouche", role = "aut"), person(given = "Pierre-Alexandre", family = "Mattei", role = "aut")) as necessary. Found the following \keyword or \concept entries which likely give several index terms: File ‘spinyReg.Rd’: \keyword{models,} Flavors: r-devel-linux-x86_64-debian-clang, r-devel-linux-x86_64-debian-gcc