Last updated on 2025-11-20 19:50:12 CET.
| Flavor | Version | Tinstall | Tcheck | Ttotal | Status | Flags |
|---|---|---|---|---|---|---|
| r-devel-linux-x86_64-debian-clang | 0.1.1 | 2.33 | 38.20 | 40.53 | NOTE | |
| r-devel-linux-x86_64-debian-gcc | 0.1.1 | 1.85 | 29.14 | 30.99 | NOTE | |
| r-devel-linux-x86_64-fedora-clang | 0.1.1 | 62.62 | OK | |||
| r-devel-linux-x86_64-fedora-gcc | 0.1.1 | 74.96 | OK | |||
| r-devel-windows-x86_64 | 0.1.1 | 7.00 | 60.00 | 67.00 | OK | |
| r-patched-linux-x86_64 | 0.1.1 | 2.34 | 35.10 | 37.44 | OK | |
| r-release-linux-x86_64 | 0.1.1 | 2.29 | 35.27 | 37.56 | OK | |
| r-release-macos-arm64 | 0.1.1 | OK | ||||
| r-release-macos-x86_64 | 0.1.1 | 2.00 | 49.00 | 51.00 | OK | |
| r-release-windows-x86_64 | 0.1.1 | 3.00 | 59.00 | 62.00 | OK | |
| r-oldrel-macos-arm64 | 0.1.1 | OK | ||||
| r-oldrel-macos-x86_64 | 0.1.1 | 2.00 | 40.00 | 42.00 | OK | |
| r-oldrel-windows-x86_64 | 0.1.1 | 3.00 | 69.00 | 72.00 | OK |
Version: 0.1.1
Check: CRAN incoming feasibility
Result: NOTE
Maintainer: ‘Daniel P. Palomar <daniel.p.palomar@gmail.com>’
Package CITATION file contains call(s) to old-style personList() or
as.personList(). Please use c() on person objects instead.
Package CITATION file contains call(s) to old-style citEntry(). Please
use bibentry() instead.
Flavors: r-devel-linux-x86_64-debian-clang, r-devel-linux-x86_64-debian-gcc