CRAN Package Check Results for Package sparseHessianFD

Last updated on 2025-07-17 20:50:28 CEST.

Flavor Version Tinstall Tcheck Ttotal Status Flags
r-devel-linux-x86_64-debian-clang 0.3.3.7 22.09 77.76 99.85 NOTE
r-devel-linux-x86_64-debian-gcc 0.3.3.7 15.23 62.43 77.66 NOTE
r-devel-linux-x86_64-fedora-clang 0.3.3.7 168.07 NOTE
r-devel-linux-x86_64-fedora-gcc 0.3.3.7 168.92 NOTE
r-devel-windows-x86_64 0.3.3.7 29.00 131.00 160.00 NOTE
r-patched-linux-x86_64 0.3.3.7 24.60 75.62 100.22 NOTE
r-release-linux-x86_64 0.3.3.7 22.19 74.59 96.78 NOTE
r-release-macos-arm64 0.3.3.7 70.00 NOTE
r-release-macos-x86_64 0.3.3.7 111.00 NOTE
r-release-windows-x86_64 0.3.3.7 28.00 129.00 157.00 NOTE
r-oldrel-macos-arm64 0.3.3.7 57.00 NOTE
r-oldrel-macos-x86_64 0.3.3.7 87.00 NOTE
r-oldrel-windows-x86_64 0.3.3.7 34.00 156.00 190.00 NOTE

Check Details

Version: 0.3.3.7
Check: C++ specification
Result: NOTE Specified C++11: please drop specification unless essential Flavors: r-devel-linux-x86_64-debian-clang, r-devel-linux-x86_64-debian-gcc, r-devel-linux-x86_64-fedora-clang, r-devel-linux-x86_64-fedora-gcc, r-devel-windows-x86_64, r-patched-linux-x86_64, r-release-linux-x86_64, r-release-macos-arm64, r-release-macos-x86_64, r-release-windows-x86_64, r-oldrel-macos-arm64, r-oldrel-macos-x86_64, r-oldrel-windows-x86_64

Version: 0.3.3.7
Check: Rd files
Result: NOTE checkRd: (-1) Coord.to.Pointers.Rd:54: Lost braces; missing escapes or markup? 54 | \item{triangle=TRUE}{Input \code{rows} and {cols} represent lower | ^ checkRd: (-1) Coord.to.Pointers.Rd:59: Lost braces; missing escapes or markup? 59 | \item{triangle=FALSE}{Input \code{rows} and {cols} represent a full | ^ Flavors: r-devel-linux-x86_64-debian-clang, r-devel-linux-x86_64-debian-gcc, r-devel-linux-x86_64-fedora-clang, r-devel-linux-x86_64-fedora-gcc, r-devel-windows-x86_64, r-patched-linux-x86_64, r-release-linux-x86_64, r-release-macos-arm64, r-release-macos-x86_64, r-release-windows-x86_64, r-oldrel-macos-arm64, r-oldrel-macos-x86_64, r-oldrel-windows-x86_64