CRAN Package Check Results for Package sirt

Last updated on 2025-07-18 08:51:17 CEST.

Flavor Version Tinstall Tcheck Ttotal Status Flags
r-devel-linux-x86_64-debian-clang 4.1-15 242.07 338.48 580.55 NOTE
r-devel-linux-x86_64-debian-gcc 4.1-15 156.85 211.65 368.50 NOTE
r-devel-linux-x86_64-fedora-clang 4.1-15 1046.33 OK
r-devel-linux-x86_64-fedora-gcc 4.1-15 965.30 OK
r-devel-windows-x86_64 4.1-15 266.00 361.00 627.00 OK
r-patched-linux-x86_64 4.1-15 242.42 309.50 551.92 OK
r-release-linux-x86_64 4.1-15 247.47 313.40 560.87 OK
r-release-macos-arm64 4.1-15 197.00 OK
r-release-macos-x86_64 4.1-15 395.00 OK
r-release-windows-x86_64 4.1-15 264.00 369.00 633.00 OK
r-oldrel-macos-arm64 4.1-15 186.00 NOTE
r-oldrel-macos-x86_64 4.1-15 289.00 NOTE
r-oldrel-windows-x86_64 4.1-15 318.00 455.00 773.00 NOTE

Check Details

Version: 4.1-15
Check: CRAN incoming feasibility
Result: NOTE Maintainer: ‘Alexander Robitzsch <robitzsch@ipn.uni-kiel.de>’ No Authors@R field in DESCRIPTION. Please add one, modifying Authors@R: person(given = "Alexander", family = "Robitzsch", role = c("aut", "cre"), email = "robitzsch@ipn.uni-kiel.de", comment = c(ORCID = "0000-0002-8226-3132")) as necessary. Flavors: r-devel-linux-x86_64-debian-clang, r-devel-linux-x86_64-debian-gcc

Version: 4.1-15
Check: installed package size
Result: NOTE installed size is 11.9Mb sub-directories of 1Mb or more: R 3.0Mb libs 6.8Mb Flavors: r-oldrel-macos-arm64, r-oldrel-macos-x86_64, r-oldrel-windows-x86_64