Last updated on 2025-10-27 07:50:14 CET.
| Flavor | Version | Tinstall | Tcheck | Ttotal | Status | Flags |
|---|---|---|---|---|---|---|
| r-devel-linux-x86_64-debian-clang | 0.1.5 | 3.91 | 124.88 | 128.79 | NOTE | |
| r-devel-linux-x86_64-debian-gcc | 0.1.5 | 2.94 | 78.47 | 81.41 | NOTE | |
| r-devel-linux-x86_64-fedora-clang | 0.1.5 | 10.00 | 198.24 | 208.24 | NOTE | |
| r-devel-linux-x86_64-fedora-gcc | 0.1.5 | 17.00 | 211.98 | 228.98 | NOTE | |
| r-devel-windows-x86_64 | 0.1.5 | 5.00 | 127.00 | 132.00 | OK | |
| r-patched-linux-x86_64 | 0.1.5 | 4.62 | 118.28 | 122.90 | OK | |
| r-release-linux-x86_64 | 0.1.5 | 4.41 | 116.96 | 121.37 | OK | |
| r-release-macos-arm64 | 0.1.5 | 2.00 | 58.00 | 60.00 | OK | |
| r-release-macos-x86_64 | 0.1.5 | 5.00 | 124.00 | 129.00 | OK | |
| r-release-windows-x86_64 | 0.1.5 | 5.00 | 129.00 | 134.00 | OK | |
| r-oldrel-macos-arm64 | 0.1.5 | 2.00 | 52.00 | 54.00 | OK | |
| r-oldrel-macos-x86_64 | 0.1.5 | 3.00 | 93.00 | 96.00 | OK | |
| r-oldrel-windows-x86_64 | 0.1.5 | 7.00 | 167.00 | 174.00 | OK |
Version: 0.1.5
Check: Rd files
Result: NOTE
checkRd: (-1) BSDT.Rd:76-88: Only 4 columns allowed in this table (row 1 has 2)
checkRd: (-1) BSDT.Rd:76-88: Only 4 columns allowed in this table (row 2 has 1)
checkRd: (-1) BSDT.Rd:76-88: Only 4 columns allowed in this table (row 3 has 2)
checkRd: (-1) BSDT.Rd:76-88: Only 4 columns allowed in this table (row 4 has 1)
checkRd: (-1) BSDT.Rd:76-88: Only 4 columns allowed in this table (row 5 has 2)
checkRd: (-1) BSDT.Rd:76-88: Only 4 columns allowed in this table (row 6 has 1)
checkRd: (-1) BSDT.Rd:76-88: Only 4 columns allowed in this table (row 7 has 2)
checkRd: (-1) BSDT.Rd:76-88: Only 4 columns allowed in this table (row 8 has 1)
checkRd: (-1) BSDT.Rd:76-88: Only 4 columns allowed in this table (row 9 has 2)
checkRd: (-1) BSDT.Rd:76-88: Only 4 columns allowed in this table (row 10 has 1)
checkRd: (-1) BSDT.Rd:76-88: Only 4 columns allowed in this table (row 11 has 2)
checkRd: (-1) BSDT.Rd:76-88: Only 4 columns allowed in this table (row 12 has 1)
checkRd: (-1) BSDT.Rd:76-88: Only 4 columns allowed in this table (row 13 has 2)
checkRd: (-1) BSDT.Rd:76-88: Only 4 columns allowed in this table (row 14 has 1)
checkRd: (-1) BSDT.Rd:76-88: Only 4 columns allowed in this table (row 15 has 2)
checkRd: (-1) BSDT_cov.Rd:71-89: Only 4 columns allowed in this table (row 1 has 2)
checkRd: (-1) BSDT_cov.Rd:71-89: Only 4 columns allowed in this table (row 2 has 1)
checkRd: (-1) BSDT_cov.Rd:71-89: Only 4 columns allowed in this table (row 3 has 2)
checkRd: (-1) BSDT_cov.Rd:71-89: Only 4 columns allowed in this table (row 4 has 1)
checkRd: (-1) BSDT_cov.Rd:71-89: Only 4 columns allowed in this table (row 5 has 2)
checkRd: (-1) BSDT_cov.Rd:71-89: Only 4 columns allowed in this table (row 6 has 1)
checkRd: (-1) BSDT_cov.Rd:71-89: Only 4 columns allowed in this table (row 7 has 2)
checkRd: (-1) BSDT_cov.Rd:71-89: Only 4 columns allowed in this table (row 8 has 1)
checkRd: (-1) BSDT_cov.Rd:71-89: Only 4 columns allowed in this table (row 9 has 2)
checkRd: (-1) BSDT_cov.Rd:71-89: Only 4 columns allowed in this table (row 10 has 1)
checkRd: (-1) BSDT_cov.Rd:71-89: Only 4 columns allowed in this table (row 11 has 2)
checkRd: (-1) BSDT_cov.Rd:71-89: Only 4 columns allowed in this table (row 12 has 1)
checkRd: (-1) BSDT_cov.Rd:71-89: Only 4 columns allowed in this table (row 13 has 2)
checkRd: (-1) BSDT_cov.Rd:71-89: Only 4 columns allowed in this table (row 14 has 1)
checkRd: (-1) BSDT_cov.Rd:71-89: Only 4 columns allowed in this table (row 15 has 2)
checkRd: (-1) BSDT_cov.Rd:71-89: Only 4 columns allowed in this table (row 16 has 1)
checkRd: (-1) BSDT_cov.Rd:71-89: Only 4 columns allowed in this table (row 17 has 2)
checkRd: (-1) BSDT_cov.Rd:71-89: Only 4 columns allowed in this table (row 18 has 1)
checkRd: (-1) BSDT_cov.Rd:71-89: Only 4 columns allowed in this table (row 19 has 2)
checkRd: (-1) BSDT_cov.Rd:71-89: Only 4 columns allowed in this table (row 20 has 1)
checkRd: (-1) BSDT_cov.Rd:71-89: Only 4 columns allowed in this table (row 21 has 2)
checkRd: (-1) BSDT_cov.Rd:71-89: Only 4 columns allowed in this table (row 22 has 1)
checkRd: (-1) BSDT_cov.Rd:71-89: Only 4 columns allowed in this table (row 23 has 2)
checkRd: (-1) BTD.Rd:43-57: Only 4 columns allowed in this table (row 1 has 2)
checkRd: (-1) BTD.Rd:43-57: Only 4 columns allowed in this table (row 2 has 1)
checkRd: (-1) BTD.Rd:43-57: Only 4 columns allowed in this table (row 3 has 2)
checkRd: (-1) BTD.Rd:43-57: Only 4 columns allowed in this table (row 4 has 1)
checkRd: (-1) BTD.Rd:43-57: Only 4 columns allowed in this table (row 5 has 2)
checkRd: (-1) BTD.Rd:43-57: Only 4 columns allowed in this table (row 6 has 1)
checkRd: (-1) BTD.Rd:43-57: Only 4 columns allowed in this table (row 7 has 2)
checkRd: (-1) BTD.Rd:43-57: Only 4 columns allowed in this table (row 8 has 1)
checkRd: (-1) BTD.Rd:43-57: Only 4 columns allowed in this table (row 9 has 2)
checkRd: (-1) BTD.Rd:43-57: Only 4 columns allowed in this table (row 10 has 1)
checkRd: (-1) BTD.Rd:43-57: Only 4 columns allowed in this table (row 11 has 2)
checkRd: (-1) BTD.Rd:43-57: Only 4 columns allowed in this table (row 12 has 1)
checkRd: (-1) BTD.Rd:43-57: Only 4 columns allowed in this table (row 13 has 2)
checkRd: (-1) BTD.Rd:43-57: Only 4 columns allowed in this table (row 14 has 1)
checkRd: (-1) BTD.Rd:43-57: Only 4 columns allowed in this table (row 15 has 2)
checkRd: (-1) BTD.Rd:43-57: Only 4 columns allowed in this table (row 16 has 1)
checkRd: (-1) BTD.Rd:43-57: Only 4 columns allowed in this table (row 17 has 2)
checkRd: (-1) BTD.Rd:43-57: Only 4 columns allowed in this table (row 18 has 1)
checkRd: (-1) BTD.Rd:43-57: Only 4 columns allowed in this table (row 19 has 2)
checkRd: (-1) BTD_cov.Rd:59-77: Only 4 columns allowed in this table (row 1 has 2)
checkRd: (-1) BTD_cov.Rd:59-77: Only 4 columns allowed in this table (row 2 has 1)
checkRd: (-1) BTD_cov.Rd:59-77: Only 4 columns allowed in this table (row 3 has 2)
checkRd: (-1) BTD_cov.Rd:59-77: Only 4 columns allowed in this table (row 4 has 1)
checkRd: (-1) BTD_cov.Rd:59-77: Only 4 columns allowed in this table (row 5 has 2)
checkRd: (-1) BTD_cov.Rd:59-77: Only 4 columns allowed in this table (row 6 has 1)
checkRd: (-1) BTD_cov.Rd:59-77: Only 4 columns allowed in this table (row 7 has 2)
checkRd: (-1) BTD_cov.Rd:59-77: Only 4 columns allowed in this table (row 8 has 1)
checkRd: (-1) BTD_cov.Rd:59-77: Only 4 columns allowed in this table (row 9 has 2)
checkRd: (-1) BTD_cov.Rd:59-77: Only 4 columns allowed in this table (row 10 has 1)
checkRd: (-1) BTD_cov.Rd:59-77: Only 4 columns allowed in this table (row 11 has 2)
checkRd: (-1) BTD_cov.Rd:59-77: Only 4 columns allowed in this table (row 12 has 1)
checkRd: (-1) BTD_cov.Rd:59-77: Only 4 columns allowed in this table (row 13 has 2)
checkRd: (-1) BTD_cov.Rd:59-77: Only 4 columns allowed in this table (row 14 has 1)
checkRd: (-1) BTD_cov.Rd:59-77: Only 4 columns allowed in this table (row 15 has 2)
checkRd: (-1) BTD_cov.Rd:59-77: Only 4 columns allowed in this table (row 16 has 1)
checkRd: (-1) BTD_cov.Rd:59-77: Only 4 columns allowed in this table (row 17 has 2)
checkRd: (-1) BTD_cov.Rd:59-77: Only 4 columns allowed in this table (row 18 has 1)
checkRd: (-1) BTD_cov.Rd:59-77: Only 4 columns allowed in this table (row 19 has 2)
checkRd: (-1) BTD_cov.Rd:59-77: Only 4 columns allowed in this table (row 20 has 1)
checkRd: (-1) BTD_cov.Rd:59-77: Only 4 columns allowed in this table (row 21 has 2)
checkRd: (-1) BTD_cov.Rd:59-77: Only 4 columns allowed in this table (row 22 has 1)
checkRd: (-1) BTD_cov.Rd:59-77: Only 4 columns allowed in this table (row 23 has 2)
checkRd: (-1) MTD.Rd:34-42: Only 4 columns allowed in this table (row 1 has 2)
checkRd: (-1) MTD.Rd:34-42: Only 4 columns allowed in this table (row 2 has 1)
checkRd: (-1) MTD.Rd:34-42: Only 4 columns allowed in this table (row 3 has 2)
checkRd: (-1) MTD.Rd:34-42: Only 4 columns allowed in this table (row 4 has 1)
checkRd: (-1) MTD.Rd:34-42: Only 4 columns allowed in this table (row 5 has 2)
checkRd: (-1) MTD.Rd:34-42: Only 4 columns allowed in this table (row 6 has 1)
checkRd: (-1) MTD.Rd:34-42: Only 4 columns allowed in this table (row 7 has 2)
checkRd: (-1) MTD.Rd:34-42: Only 4 columns allowed in this table (row 8 has 1)
checkRd: (-1) MTD.Rd:34-42: Only 4 columns allowed in this table (row 9 has 2)
checkRd: (-1) MTD.Rd:34-42: Only 4 columns allowed in this table (row 10 has 1)
checkRd: (-1) MTD.Rd:34-42: Only 4 columns allowed in this table (row 11 has 2)
checkRd: (-1) RSDT.Rd:56-69: Only 4 columns allowed in this table (row 1 has 2)
checkRd: (-1) RSDT.Rd:56-69: Only 4 columns allowed in this table (row 2 has 1)
checkRd: (-1) RSDT.Rd:56-69: Only 4 columns allowed in this table (row 3 has 2)
checkRd: (-1) RSDT.Rd:56-69: Only 4 columns allowed in this table (row 4 has 1)
checkRd: (-1) RSDT.Rd:56-69: Only 4 columns allowed in this table (row 5 has 2)
checkRd: (-1) RSDT.Rd:56-69: Only 4 columns allowed in this table (row 6 has 1)
checkRd: (-1) RSDT.Rd:56-69: Only 4 columns allowed in this table (row 7 has 2)
checkRd: (-1) RSDT.Rd:56-69: Only 4 columns allowed in this table (row 8 has 1)
checkRd: (-1) RSDT.Rd:56-69: Only 4 columns allowed in this table (row 9 has 2)
checkRd: (-1) RSDT.Rd:56-69: Only 4 columns allowed in this table (row 10 has 1)
checkRd: (-1) RSDT.Rd:56-69: Only 4 columns allowed in this table (row 11 has 2)
checkRd: (-1) RSDT.Rd:56-69: Only 4 columns allowed in this table (row 12 has 1)
checkRd: (-1) RSDT.Rd:56-69: Only 4 columns allowed in this table (row 13 has 2)
checkRd: (-1) RSDT.Rd:56-69: Only 4 columns allowed in this table (row 14 has 1)
checkRd: (-1) RSDT.Rd:56-69: Only 4 columns allowed in this table (row 15 has 2)
checkRd: (-1) RSDT.Rd:56-69: Only 4 columns allowed in this table (row 16 has 1)
checkRd: (-1) RSDT.Rd:56-69: Only 4 columns allowed in this table (row 17 has 2)
checkRd: (-1) TD.Rd:49-63: Only 4 columns allowed in this table (row 1 has 2)
checkRd: (-1) TD.Rd:49-63: Only 4 columns allowed in this table (row 2 has 1)
checkRd: (-1) TD.Rd:49-63: Only 4 columns allowed in this table (row 3 has 2)
checkRd: (-1) TD.Rd:49-63: Only 4 columns allowed in this table (row 4 has 1)
checkRd: (-1) TD.Rd:49-63: Only 4 columns allowed in this table (row 5 has 2)
checkRd: (-1) TD.Rd:49-63: Only 4 columns allowed in this table (row 6 has 1)
checkRd: (-1) TD.Rd:49-63: Only 4 columns allowed in this table (row 7 has 2)
checkRd: (-1) TD.Rd:49-63: Only 4 columns allowed in this table (row 8 has 1)
checkRd: (-1) TD.Rd:49-63: Only 4 columns allowed in this table (row 9 has 2)
checkRd: (-1) TD.Rd:49-63: Only 4 columns allowed in this table (row 10 has 1)
checkRd: (-1) TD.Rd:49-63: Only 4 columns allowed in this table (row 11 has 2)
checkRd: (-1) TD.Rd:49-63: Only 4 columns allowed in this table (row 12 has 1)
checkRd: (-1) TD.Rd:49-63: Only 4 columns allowed in this table (row 13 has 2)
checkRd: (-1) TD.Rd:49-63: Only 4 columns allowed in this table (row 14 has 1)
checkRd: (-1) TD.Rd:49-63: Only 4 columns allowed in this table (row 15 has 2)
checkRd: (-1) TD.Rd:49-63: Only 4 columns allowed in this table (row 16 has 1)
checkRd: (-1) TD.Rd:49-63: Only 4 columns allowed in this table (row 17 has 2)
checkRd: (-1) TD.Rd:49-63: Only 4 columns allowed in this table (row 18 has 1)
checkRd: (-1) TD.Rd:49-63: Only 4 columns allowed in this table (row 19 has 2)
checkRd: (-1) UDT.Rd:69-80: Only 4 columns allowed in this table (row 1 has 2)
checkRd: (-1) UDT.Rd:69-80: Only 4 columns allowed in this table (row 2 has 1)
checkRd: (-1) UDT.Rd:69-80: Only 4 columns allowed in this table (row 3 has 2)
checkRd: (-1) UDT.Rd:69-80: Only 4 columns allowed in this table (row 4 has 1)
checkRd: (-1) UDT.Rd:69-80: Only 4 columns allowed in this table (row 5 has 2)
checkRd: (-1) UDT.Rd:69-80: Only 4 columns allowed in this table (row 6 has 1)
checkRd: (-1) UDT.Rd:69-80: Only 4 columns allowed in this table (row 7 has 2)
checkRd: (-1) UDT.Rd:69-80: Only 4 columns allowed in this table (row 8 has 1)
checkRd: (-1) UDT.Rd:69-80: Only 4 columns allowed in this table (row 9 has 2)
checkRd: (-1) UDT.Rd:69-80: Only 4 columns allowed in this table (row 10 has 1)
checkRd: (-1) UDT.Rd:69-80: Only 4 columns allowed in this table (row 11 has 2)
checkRd: (-1) UDT.Rd:69-80: Only 4 columns allowed in this table (row 12 has 1)
checkRd: (-1) UDT.Rd:69-80: Only 4 columns allowed in this table (row 13 has 2)
checkRd: (-1) UDT.Rd:69-80: Only 4 columns allowed in this table (row 14 has 1)
checkRd: (-1) UDT.Rd:69-80: Only 4 columns allowed in this table (row 15 has 2)
checkRd: (-1) UDT.Rd:69-80: Only 4 columns allowed in this table (row 16 has 1)
checkRd: (-1) UDT.Rd:69-80: Only 4 columns allowed in this table (row 17 has 2)
Flavors: r-devel-linux-x86_64-debian-clang, r-devel-linux-x86_64-debian-gcc, r-devel-linux-x86_64-fedora-clang, r-devel-linux-x86_64-fedora-gcc