CRAN Package Check Results for Package sinaplot

Last updated on 2025-10-27 19:53:13 CET.

Flavor Version Tinstall Tcheck Ttotal Status Flags
r-devel-linux-x86_64-debian-clang 1.1.0 2.34 35.38 37.72 NOTE
r-devel-linux-x86_64-debian-gcc 1.1.0 1.85 27.90 29.75 NOTE
r-devel-linux-x86_64-fedora-clang 1.1.0 54.01 OK
r-devel-linux-x86_64-fedora-gcc 1.1.0 67.45 OK
r-devel-windows-x86_64 1.1.0 3.00 50.00 53.00 OK
r-patched-linux-x86_64 1.1.0 2.44 32.40 34.84 OK
r-release-linux-x86_64 1.1.0 2.06 32.49 34.55 OK
r-release-macos-arm64 1.1.0 1.00 28.00 29.00 OK
r-release-macos-x86_64 1.1.0 2.00 50.00 52.00 OK
r-release-windows-x86_64 1.1.0 4.00 52.00 56.00 OK
r-oldrel-macos-arm64 1.1.0 1.00 23.00 24.00 OK
r-oldrel-macos-x86_64 1.1.0 2.00 34.00 36.00 OK
r-oldrel-windows-x86_64 1.1.0 4.00 59.00 63.00 OK

Check Details

Version: 1.1.0
Check: CRAN incoming feasibility
Result: NOTE Maintainer: ‘Nikos Sidiropoulos <nikos.sidiro@gmail.com>’ Package CITATION file contains call(s) to old-style personList() or as.personList(). Please use c() on person objects instead. Package CITATION file contains call(s) to old-style citEntry(). Please use bibentry() instead. Flavors: r-devel-linux-x86_64-debian-clang, r-devel-linux-x86_64-debian-gcc