Last updated on 2025-11-22 07:50:03 CET.
| Flavor | Version | Tinstall | Tcheck | Ttotal | Status | Flags |
|---|---|---|---|---|---|---|
| r-devel-linux-x86_64-debian-clang | 2.1.0 | 2.46 | 35.49 | 37.95 | NOTE | |
| r-devel-linux-x86_64-debian-gcc | 2.1.0 | 1.72 | 27.63 | 29.35 | NOTE | |
| r-devel-linux-x86_64-fedora-clang | 2.1.0 | 57.91 | NOTE | |||
| r-devel-linux-x86_64-fedora-gcc | 2.1.0 | 11.00 | 59.79 | 70.79 | NOTE | |
| r-devel-windows-x86_64 | 2.1.0 | 8.00 | 60.00 | 68.00 | NOTE | |
| r-patched-linux-x86_64 | 2.1.0 | 2.51 | 32.91 | 35.42 | NOTE | |
| r-release-linux-x86_64 | 2.1.0 | 2.24 | 32.72 | 34.96 | NOTE | |
| r-release-macos-arm64 | 2.1.0 | NOTE | ||||
| r-release-macos-x86_64 | 2.1.0 | 2.00 | 55.00 | 57.00 | NOTE | |
| r-release-windows-x86_64 | 2.1.0 | 5.00 | 60.00 | 65.00 | NOTE | |
| r-oldrel-macos-arm64 | 2.1.0 | NOTE | ||||
| r-oldrel-macos-x86_64 | 2.1.0 | 2.00 | 51.00 | 53.00 | NOTE | |
| r-oldrel-windows-x86_64 | 2.1.0 | 5.00 | 67.00 | 72.00 | NOTE |
Version: 2.1.0
Check: Rd files
Result: NOTE
checkRd: (-1) shinyjs-defunct.Rd:18: Lost braces in \itemize; meant \describe ?
checkRd: (-1) shinyjs-defunct.Rd:19: Lost braces in \itemize; meant \describe ?
checkRd: (-1) shinyjs-defunct.Rd:20: Lost braces in \itemize; meant \describe ?
Flavors: r-devel-linux-x86_64-debian-clang, r-devel-linux-x86_64-debian-gcc, r-devel-linux-x86_64-fedora-clang, r-devel-linux-x86_64-fedora-gcc, r-devel-windows-x86_64, r-patched-linux-x86_64, r-release-linux-x86_64, r-release-macos-arm64, r-release-macos-x86_64, r-release-windows-x86_64, r-oldrel-macos-arm64, r-oldrel-macos-x86_64, r-oldrel-windows-x86_64