Last updated on 2025-07-17 20:50:27 CEST.
Flavor | Version | Tinstall | Tcheck | Ttotal | Status | Flags |
---|---|---|---|---|---|---|
r-devel-linux-x86_64-debian-clang | 1.0.4 | 23.04 | 96.11 | 119.15 | NOTE | |
r-devel-linux-x86_64-debian-gcc | 1.0.4 | 16.78 | 68.76 | 85.54 | NOTE | |
r-devel-linux-x86_64-fedora-clang | 1.0.4 | 198.50 | NOTE | |||
r-devel-linux-x86_64-fedora-gcc | 1.0.4 | 193.77 | NOTE | |||
r-devel-windows-x86_64 | 1.0.4 | 27.00 | 156.00 | 183.00 | NOTE | |
r-patched-linux-x86_64 | 1.0.4 | 24.14 | 93.93 | 118.07 | NOTE | |
r-release-linux-x86_64 | 1.0.4 | 24.36 | 92.36 | 116.72 | NOTE | |
r-release-macos-arm64 | 1.0.4 | 59.00 | NOTE | |||
r-release-macos-x86_64 | 1.0.4 | 123.00 | NOTE | |||
r-release-windows-x86_64 | 1.0.4 | 27.00 | 156.00 | 183.00 | NOTE | |
r-oldrel-macos-arm64 | 1.0.4 | 62.00 | NOTE | |||
r-oldrel-macos-x86_64 | 1.0.4 | 103.00 | NOTE | |||
r-oldrel-windows-x86_64 | 1.0.4 | 29.00 | 195.00 | 224.00 | NOTE |
Version: 1.0.4
Check: C++ specification
Result: NOTE
Specified C++11: please drop specification unless essential
Flavors: r-devel-linux-x86_64-debian-clang, r-devel-linux-x86_64-debian-gcc, r-devel-linux-x86_64-fedora-clang, r-devel-linux-x86_64-fedora-gcc, r-devel-windows-x86_64, r-patched-linux-x86_64, r-release-linux-x86_64, r-release-macos-arm64, r-release-macos-x86_64, r-release-windows-x86_64, r-oldrel-macos-arm64, r-oldrel-macos-x86_64, r-oldrel-windows-x86_64