CRAN Package Check Results for Package sansa

Last updated on 2025-07-18 08:51:15 CEST.

Flavor Version Tinstall Tcheck Ttotal Status Flags
r-devel-linux-x86_64-debian-clang 0.0.1 5.57 44.97 50.54 NOTE
r-devel-linux-x86_64-debian-gcc 0.0.1 3.46 32.80 36.26 NOTE
r-devel-linux-x86_64-fedora-clang 0.0.1 80.42 OK
r-devel-linux-x86_64-fedora-gcc 0.0.1 75.02 OK
r-devel-windows-x86_64 0.0.1 7.00 63.00 70.00 OK
r-patched-linux-x86_64 0.0.1 4.85 40.25 45.10 OK
r-release-linux-x86_64 0.0.1 4.48 40.93 45.41 OK
r-release-macos-arm64 0.0.1 24.00 OK
r-release-macos-x86_64 0.0.1 40.00 OK
r-release-windows-x86_64 0.0.1 7.00 63.00 70.00 OK
r-oldrel-macos-arm64 0.0.1 25.00 OK
r-oldrel-macos-x86_64 0.0.1 35.00 OK
r-oldrel-windows-x86_64 0.0.1 8.00 68.00 76.00 OK

Check Details

Version: 0.0.1
Check: CRAN incoming feasibility
Result: NOTE Maintainer: ‘Murtaza Nasir <mail@murtaza.cc>’ Package CITATION file contains call(s) to old-style citEntry(). Please use bibentry() instead. Flavors: r-devel-linux-x86_64-debian-clang, r-devel-linux-x86_64-debian-gcc