CRAN Package Check Results for Package samplingDataCRT

Last updated on 2025-10-27 07:50:12 CET.

Flavor Version Tinstall Tcheck Ttotal Status Flags
r-devel-linux-x86_64-debian-clang 1.0 1.95 31.09 33.04 NOTE
r-devel-linux-x86_64-debian-gcc 1.0 1.48 24.65 26.13 NOTE
r-devel-linux-x86_64-fedora-clang 1.0 48.04 OK
r-devel-linux-x86_64-fedora-gcc 1.0 59.32 OK
r-devel-windows-x86_64 1.0 2.00 57.00 59.00 OK
r-patched-linux-x86_64 1.0 1.88 29.13 31.01 OK
r-release-linux-x86_64 1.0 1.86 28.84 30.70 OK
r-release-macos-arm64 1.0 1.00 27.00 28.00 OK
r-release-macos-x86_64 1.0 2.00 46.00 48.00 OK
r-release-windows-x86_64 1.0 3.00 62.00 65.00 OK
r-oldrel-macos-arm64 1.0 1.00 22.00 23.00 OK
r-oldrel-macos-x86_64 1.0 2.00 68.00 70.00 OK
r-oldrel-windows-x86_64 1.0 4.00 62.00 66.00 OK

Check Details

Version: 1.0
Check: CRAN incoming feasibility
Result: NOTE Maintainer: ‘Diana Trutschel <Diana.Trutschel@dzne.de>’ No Authors@R field in DESCRIPTION. Please add one, modifying Authors@R: c(person(given = "Diana", family = "Trutschel", role = c("aut", "cre"), email = "diana.trutschel@dzne.de"), person(given = "Hendrik", family = "Treutler", role = "aut")) as necessary. Flavors: r-devel-linux-x86_64-debian-clang, r-devel-linux-x86_64-debian-gcc