Last updated on 2025-07-18 08:51:15 CEST.
Flavor | Version | Tinstall | Tcheck | Ttotal | Status | Flags |
---|---|---|---|---|---|---|
r-devel-linux-x86_64-debian-clang | 1.0.5 | 2.88 | 29.23 | 32.11 | NOTE | |
r-devel-linux-x86_64-debian-gcc | 1.0.5 | 2.06 | 22.08 | 24.14 | NOTE | |
r-devel-linux-x86_64-fedora-clang | 1.0.5 | 49.76 | OK | |||
r-devel-linux-x86_64-fedora-gcc | 1.0.5 | 50.51 | OK | |||
r-devel-windows-x86_64 | 1.0.5 | 5.00 | 51.00 | 56.00 | OK | |
r-patched-linux-x86_64 | 1.0.5 | 3.03 | 27.24 | 30.27 | OK | |
r-release-linux-x86_64 | 1.0.5 | 2.75 | 27.47 | 30.22 | OK | |
r-release-macos-arm64 | 1.0.5 | 17.00 | OK | |||
r-release-macos-x86_64 | 1.0.5 | 31.00 | OK | |||
r-release-windows-x86_64 | 1.0.5 | 3.00 | 53.00 | 56.00 | OK | |
r-oldrel-macos-arm64 | 1.0.5 | 18.00 | OK | |||
r-oldrel-macos-x86_64 | 1.0.5 | 26.00 | OK | |||
r-oldrel-windows-x86_64 | 1.0.5 | 5.00 | 59.00 | 64.00 | OK |
Version: 1.0.5
Check: CRAN incoming feasibility
Result: NOTE
Maintainer: ‘Sascha Herrmann <sascha.herrmann.consulting@gmail.com>’
No Authors@R field in DESCRIPTION.
Please add one, modifying
Authors@R: person(given = "Sascha",
family = "Herrmann",
role = c("aut", "cre"),
email = "sascha.herrmann.consulting@gmail.com")
as necessary.
Flavors: r-devel-linux-x86_64-debian-clang, r-devel-linux-x86_64-debian-gcc