Last updated on 2025-07-18 08:51:14 CEST.
Flavor | Version | Tinstall | Tcheck | Ttotal | Status | Flags |
---|---|---|---|---|---|---|
r-devel-linux-x86_64-debian-clang | 1.2.0 | 28.15 | 405.88 | 434.03 | NOTE | |
r-devel-linux-x86_64-debian-gcc | 1.2.0 | 17.38 | 266.25 | 283.63 | NOTE | |
r-devel-linux-x86_64-fedora-clang | 1.2.0 | 658.54 | NOTE | |||
r-devel-linux-x86_64-fedora-gcc | 1.2.0 | 623.41 | NOTE | |||
r-devel-windows-x86_64 | 1.2.0 | 23.00 | 300.00 | 323.00 | NOTE | |
r-patched-linux-x86_64 | 1.2.0 | 24.06 | 373.92 | 397.98 | NOTE | |
r-release-linux-x86_64 | 1.2.0 | 26.01 | 372.05 | 398.06 | NOTE | |
r-release-macos-arm64 | 1.2.0 | 158.00 | NOTE | |||
r-release-macos-x86_64 | 1.2.0 | 360.00 | NOTE | |||
r-release-windows-x86_64 | 1.2.0 | 25.00 | 299.00 | 324.00 | NOTE | |
r-oldrel-macos-arm64 | 1.2.0 | 149.00 | OK | |||
r-oldrel-macos-x86_64 | 1.2.0 | 363.00 | OK | |||
r-oldrel-windows-x86_64 | 1.2.0 | 33.00 | 419.00 | 452.00 | OK |
Version: 1.2.0
Check: DESCRIPTION meta-information
Result: NOTE
Missing dependency on R >= 4.1.0 because package code uses the pipe
|> or function shorthand \(...) syntax added in R 4.1.0.
File(s) using such syntax:
‘projectRoads.Rd’
Flavors: r-devel-linux-x86_64-debian-clang, r-devel-linux-x86_64-debian-gcc, r-devel-linux-x86_64-fedora-clang, r-devel-linux-x86_64-fedora-gcc, r-devel-windows-x86_64, r-patched-linux-x86_64, r-release-linux-x86_64, r-release-macos-arm64, r-release-macos-x86_64, r-release-windows-x86_64