Last updated on 2025-10-27 07:50:11 CET.
| Flavor | Version | Tinstall | Tcheck | Ttotal | Status | Flags |
|---|---|---|---|---|---|---|
| r-devel-linux-x86_64-debian-clang | 0.0.1 | 40.81 | 338.98 | 379.79 | OK | |
| r-devel-linux-x86_64-debian-gcc | 0.0.1 | 27.62 | 259.62 | 287.24 | OK | |
| r-devel-linux-x86_64-fedora-clang | 0.0.1 | 87.00 | 506.13 | 593.13 | OK | |
| r-devel-linux-x86_64-fedora-gcc | 0.0.1 | 200.00 | 436.40 | 636.40 | OK | |
| r-devel-windows-x86_64 | 0.0.1 | 5.00 | 5.00 | 10.00 | ERROR | |
| r-patched-linux-x86_64 | 0.0.1 | 37.73 | 318.85 | 356.58 | OK | |
| r-release-linux-x86_64 | 0.0.1 | 38.65 | 322.90 | 361.55 | OK | |
| r-release-macos-arm64 | 0.0.1 | 5.00 | ERROR | |||
| r-release-macos-x86_64 | 0.0.1 | 15.00 | ERROR | |||
| r-release-windows-x86_64 | 0.0.1 | 19.00 | 6.00 | 25.00 | ERROR | |
| r-oldrel-macos-arm64 | 0.0.1 | 10.00 | ERROR | |||
| r-oldrel-macos-x86_64 | 0.0.1 | 20.00 | ERROR | |||
| r-oldrel-windows-x86_64 | 0.0.1 | 42.00 | 369.00 | 411.00 | OK |
Version: 0.0.1
Check: whether package can be installed
Result: ERROR
Installation failed.
Flavors: r-devel-windows-x86_64, r-release-windows-x86_64
Version: 0.0.1
Check: package dependencies
Result: ERROR
Package required but not available: ‘BSgenome.Hsapiens.UCSC.hg38’
See section ‘The DESCRIPTION file’ in the ‘Writing R Extensions’
manual.
Flavors: r-release-macos-arm64, r-release-macos-x86_64, r-oldrel-macos-arm64, r-oldrel-macos-x86_64