Last updated on 2025-07-18 08:51:12 CEST.
Flavor | Version | Tinstall | Tcheck | Ttotal | Status | Flags |
---|---|---|---|---|---|---|
r-devel-linux-x86_64-debian-clang | 1.0.9 | 81.97 | 77.79 | 159.76 | OK | |
r-devel-linux-x86_64-debian-gcc | 1.0.9 | 59.94 | 57.24 | 117.18 | OK | |
r-devel-linux-x86_64-fedora-clang | 1.0.9 | 310.03 | OK | |||
r-devel-linux-x86_64-fedora-gcc | 1.0.9 | 301.15 | OK | |||
r-devel-windows-x86_64 | 1.0.9 | 100.00 | 127.00 | 227.00 | OK | |
r-patched-linux-x86_64 | 1.0.9 | 80.82 | 71.66 | 152.48 | OK | |
r-release-linux-x86_64 | 1.0.9 | 82.85 | 71.64 | 154.49 | OK | |
r-release-macos-arm64 | 1.0.9 | 80.00 | OK | |||
r-release-macos-x86_64 | 1.0.9 | 120.00 | OK | |||
r-release-windows-x86_64 | 1.0.9 | 101.00 | 126.00 | 227.00 | OK | |
r-oldrel-macos-arm64 | 1.0.9 | 81.00 | NOTE | |||
r-oldrel-macos-x86_64 | 1.0.9 | 133.00 | NOTE | |||
r-oldrel-windows-x86_64 | 1.0.9 | 110.00 | 147.00 | 257.00 | OK |
Version: 1.0.9
Check: installed package size
Result: NOTE
installed size is 5.3Mb
sub-directories of 1Mb or more:
libs 4.6Mb
Flavors: r-oldrel-macos-arm64, r-oldrel-macos-x86_64