Last updated on 2025-10-26 18:50:21 CET.
| Flavor | Version | Tinstall | Tcheck | Ttotal | Status | Flags |
|---|---|---|---|---|---|---|
| r-devel-linux-x86_64-debian-clang | 0.9.3 | 1.51 | 26.67 | 28.18 | OK | |
| r-devel-linux-x86_64-debian-gcc | 0.9.3 | 1.42 | 21.49 | 22.91 | OK | |
| r-devel-linux-x86_64-fedora-clang | 0.9.3 | 43.51 | OK | |||
| r-devel-linux-x86_64-fedora-gcc | 0.9.3 | 55.59 | OK | |||
| r-devel-windows-x86_64 | 0.9.3 | 3.00 | 45.00 | 48.00 | OK | |
| r-patched-linux-x86_64 | 0.9.3 | 1.68 | 25.28 | 26.96 | OK | |
| r-release-linux-x86_64 | 0.9.3 | 1.78 | 25.37 | 27.15 | OK | |
| r-release-macos-arm64 | 0.9.3 | 1.00 | 21.00 | 22.00 | OK | |
| r-release-macos-x86_64 | 0.9.3 | 2.00 | 53.00 | 55.00 | OK | |
| r-release-windows-x86_64 | 0.9.3 | 4.00 | 48.00 | 52.00 | OK | |
| r-oldrel-macos-arm64 | 0.9.3 | 1.00 | 22.00 | 23.00 | NOTE | |
| r-oldrel-macos-x86_64 | 0.9.3 | 1.00 | 31.00 | 32.00 | NOTE | |
| r-oldrel-windows-x86_64 | 0.9.3 | 5.00 | 53.00 | 58.00 | NOTE |
Version: 0.9.3
Check: LazyData
Result: NOTE
'LazyData' is specified without a 'data' directory
Flavors: r-oldrel-macos-arm64, r-oldrel-macos-x86_64, r-oldrel-windows-x86_64