CRAN Package Check Results for Package randomizationInference

Last updated on 2025-11-20 07:49:55 CET.

Flavor Version Tinstall Tcheck Ttotal Status Flags
r-devel-linux-x86_64-debian-clang 1.0.4 2.00 26.72 28.72 NOTE
r-devel-linux-x86_64-debian-gcc 1.0.4 1.66 21.54 23.20 NOTE
r-devel-linux-x86_64-fedora-clang 1.0.4 42.06 OK
r-devel-linux-x86_64-fedora-gcc 1.0.4 39.43 OK
r-devel-windows-x86_64 1.0.4 5.00 46.00 51.00 OK
r-patched-linux-x86_64 1.0.4 2.60 24.84 27.44 OK
r-release-linux-x86_64 1.0.4 2.09 24.68 26.77 OK
r-release-macos-arm64 1.0.4 OK
r-release-macos-x86_64 1.0.4 2.00 26.00 28.00 OK
r-release-windows-x86_64 1.0.4 3.00 53.00 56.00 OK
r-oldrel-macos-arm64 1.0.4 OK
r-oldrel-macos-x86_64 1.0.4 2.00 21.00 23.00 OK
r-oldrel-windows-x86_64 1.0.4 3.00 54.00 57.00 OK

Check Details

Version: 1.0.4
Check: CRAN incoming feasibility
Result: NOTE Maintainer: ‘Joseph J. Lee <joseph.j.lee@post.harvard.edu>’ No Authors@R field in DESCRIPTION. Please add one, modifying Authors@R: c(person(given = c("Joseph", "J."), family = "Lee", role = c("aut", "cre"), email = "joseph.j.lee@post.harvard.edu"), person(given = "Tirthankar", family = "Dasgupta", role = "aut")) as necessary. Flavors: r-devel-linux-x86_64-debian-clang, r-devel-linux-x86_64-debian-gcc