Last updated on 2025-07-18 08:51:11 CEST.
Flavor | Version | Tinstall | Tcheck | Ttotal | Status | Flags |
---|---|---|---|---|---|---|
r-devel-linux-x86_64-debian-clang | 0.1.0 | 3.59 | 197.79 | 201.38 | NOTE | |
r-devel-linux-x86_64-debian-gcc | 0.1.0 | 2.67 | 117.86 | 120.53 | NOTE | |
r-devel-linux-x86_64-fedora-clang | 0.1.0 | 315.33 | NOTE | |||
r-devel-linux-x86_64-fedora-gcc | 0.1.0 | 322.89 | NOTE | |||
r-devel-windows-x86_64 | 0.1.0 | 4.00 | 182.00 | 186.00 | NOTE | |
r-patched-linux-x86_64 | 0.1.0 | 3.60 | 183.08 | 186.68 | NOTE | |
r-release-linux-x86_64 | 0.1.0 | 3.41 | 183.27 | 186.68 | NOTE | |
r-release-macos-arm64 | 0.1.0 | 69.00 | NOTE | |||
r-release-macos-x86_64 | 0.1.0 | 159.00 | NOTE | |||
r-release-windows-x86_64 | 0.1.0 | 4.00 | 183.00 | 187.00 | NOTE | |
r-oldrel-macos-arm64 | 0.1.0 | 96.00 | OK | |||
r-oldrel-macos-x86_64 | 0.1.0 | 317.00 | OK | |||
r-oldrel-windows-x86_64 | 0.1.0 | 4.00 | 251.00 | 255.00 | OK |
Version: 0.1.0
Check: DESCRIPTION meta-information
Result: NOTE
Missing dependency on R >= 4.1.0 because package code uses the pipe
|> or function shorthand \(...) syntax added in R 4.1.0.
File(s) using such syntax:
‘add_element.Rd’
Flavors: r-devel-linux-x86_64-debian-clang, r-devel-linux-x86_64-debian-gcc, r-devel-linux-x86_64-fedora-clang, r-devel-linux-x86_64-fedora-gcc, r-devel-windows-x86_64, r-patched-linux-x86_64, r-release-linux-x86_64, r-release-macos-arm64, r-release-macos-x86_64, r-release-windows-x86_64