Last updated on 2025-10-27 07:50:10 CET.
| Flavor | Version | Tinstall | Tcheck | Ttotal | Status | Flags |
|---|---|---|---|---|---|---|
| r-devel-linux-x86_64-debian-clang | 0.1.14 | 83.35 | 292.97 | 376.32 | NOTE | |
| r-devel-linux-x86_64-debian-gcc | 0.1.14 | 57.88 | 187.32 | 245.20 | NOTE | |
| r-devel-linux-x86_64-fedora-clang | 0.1.14 | 170.00 | 440.37 | 610.37 | NOTE | |
| r-devel-linux-x86_64-fedora-gcc | 0.1.14 | 194.00 | 450.40 | 644.40 | NOTE | |
| r-devel-windows-x86_64 | 0.1.14 | 81.00 | 278.00 | 359.00 | NOTE | |
| r-patched-linux-x86_64 | 0.1.14 | 92.13 | 278.88 | 371.01 | NOTE | |
| r-release-linux-x86_64 | 0.1.14 | 90.43 | 276.77 | 367.20 | NOTE | |
| r-release-macos-arm64 | 0.1.14 | 34.00 | 122.00 | 156.00 | NOTE | |
| r-release-macos-x86_64 | 0.1.14 | 47.00 | 231.00 | 278.00 | NOTE | |
| r-release-windows-x86_64 | 0.1.14 | 90.00 | 272.00 | 362.00 | NOTE | |
| r-oldrel-macos-arm64 | 0.1.14 | 34.00 | 105.00 | 139.00 | NOTE | |
| r-oldrel-macos-x86_64 | 0.1.14 | 37.00 | 167.00 | 204.00 | NOTE | |
| r-oldrel-windows-x86_64 | 0.1.14 | 113.00 | 386.00 | 499.00 | NOTE |
Version: 0.1.14
Check: Rd files
Result: NOTE
checkRd: (-1) find_lcp.Rd:60: Lost braces in \itemize; \value handles \item{}{} directly
checkRd: (-1) find_lcp.Rd:61: Lost braces in \itemize; \value handles \item{}{} directly
checkRd: (-1) find_lcp.Rd:62: Lost braces in \itemize; \value handles \item{}{} directly
checkRd: (-1) find_lcp.Rd:63-65: Lost braces in \itemize; \value handles \item{}{} directly
checkRd: (-1) find_lcp.Rd:66: Lost braces in \itemize; \value handles \item{}{} directly
checkRd: (-1) find_lcp.Rd:67: Lost braces in \itemize; \value handles \item{}{} directly
checkRd: (-1) summarize_lcps.Rd:17: Lost braces in \itemize; \value handles \item{}{} directly
checkRd: (-1) summarize_lcps.Rd:18-19: Lost braces in \itemize; \value handles \item{}{} directly
checkRd: (-1) summarize_lcps.Rd:20: Lost braces in \itemize; \value handles \item{}{} directly
checkRd: (-1) summarize_lcps.Rd:21: Lost braces in \itemize; \value handles \item{}{} directly
checkRd: (-1) summarize_lcps.Rd:22: Lost braces in \itemize; \value handles \item{}{} directly
checkRd: (-1) summarize_lcps.Rd:23-25: Lost braces in \itemize; \value handles \item{}{} directly
Flavors: r-devel-linux-x86_64-debian-clang, r-devel-linux-x86_64-debian-gcc, r-devel-linux-x86_64-fedora-clang, r-devel-linux-x86_64-fedora-gcc, r-devel-windows-x86_64, r-patched-linux-x86_64, r-release-linux-x86_64, r-release-macos-arm64, r-release-macos-x86_64, r-release-windows-x86_64, r-oldrel-macos-arm64, r-oldrel-macos-x86_64, r-oldrel-windows-x86_64
Version: 0.1.14
Check: installed package size
Result: NOTE
installed size is 10.9Mb
sub-directories of 1Mb or more:
doc 1.7Mb
libs 8.3Mb
Flavors: r-oldrel-macos-arm64, r-oldrel-macos-x86_64