Last updated on 2025-10-27 07:50:09 CET.
| Flavor | Version | Tinstall | Tcheck | Ttotal | Status | Flags |
|---|---|---|---|---|---|---|
| r-devel-linux-x86_64-debian-clang | 9.1-0 | 5.42 | 14.15 | 19.57 | NOTE | |
| r-devel-linux-x86_64-debian-gcc | 9.1-0 | 4.57 | 11.63 | 16.20 | NOTE | |
| r-devel-linux-x86_64-fedora-clang | 9.1-0 | 10.00 | 18.97 | 28.97 | OK | |
| r-devel-linux-x86_64-fedora-gcc | 9.1-0 | 16.00 | 12.75 | 28.75 | OK | |
| r-devel-windows-x86_64 | 9.1-0 | 6.00 | 29.00 | 35.00 | OK | |
| r-patched-linux-x86_64 | 9.1-0 | 5.76 | 13.31 | 19.07 | OK | |
| r-release-linux-x86_64 | 9.1-0 | 5.25 | 13.24 | 18.49 | OK | |
| r-release-macos-arm64 | 9.1-0 | 5.00 | 14.00 | 19.00 | OK | |
| r-release-macos-x86_64 | 9.1-0 | 7.00 | 17.00 | 24.00 | OK | |
| r-release-windows-x86_64 | 9.1-0 | 6.00 | 34.00 | 40.00 | OK | |
| r-oldrel-macos-arm64 | 9.1-0 | 4.00 | 12.00 | 16.00 | OK | |
| r-oldrel-macos-x86_64 | 9.1-0 | 5.00 | 15.00 | 20.00 | OK | |
| r-oldrel-windows-x86_64 | 9.1-0 | 7.00 | 31.00 | 38.00 | OK |
Version: 9.1-0
Check: CRAN incoming feasibility
Result: NOTE
Maintainer: ‘Achim Zeileis <Achim.Zeileis@R-project.org>’
Found the following URLs which should use \doi (with the DOI name only):
File ‘pwt9.0.Rd’:
https://doi.org/10.15141/S5J01T
File ‘pwt9.1.Rd’:
https://doi.org/10.15141/S50T0R
Flavors: r-devel-linux-x86_64-debian-clang, r-devel-linux-x86_64-debian-gcc