Last updated on 2025-10-27 07:50:09 CET.
| Flavor | Version | Tinstall | Tcheck | Ttotal | Status | Flags |
|---|---|---|---|---|---|---|
| r-devel-linux-x86_64-debian-clang | 0.4.0 | 7.04 | 55.35 | 62.39 | NOTE | |
| r-devel-linux-x86_64-debian-gcc | 0.4.0 | 5.22 | 40.75 | 45.97 | NOTE | |
| r-devel-linux-x86_64-fedora-clang | 0.4.0 | 15.00 | 80.49 | 95.49 | NOTE | |
| r-devel-linux-x86_64-fedora-gcc | 0.4.0 | 29.00 | 81.13 | 110.13 | NOTE | |
| r-devel-windows-x86_64 | 0.4.0 | 8.00 | 73.00 | 81.00 | NOTE | |
| r-patched-linux-x86_64 | 0.4.0 | 6.29 | 52.39 | 58.68 | NOTE | |
| r-release-linux-x86_64 | 0.4.0 | 6.89 | 52.35 | 59.24 | NOTE | |
| r-release-macos-arm64 | 0.4.0 | 4.00 | 36.00 | 40.00 | NOTE | |
| r-release-macos-x86_64 | 0.4.0 | 8.00 | 66.00 | 74.00 | NOTE | |
| r-release-windows-x86_64 | 0.4.0 | 11.00 | 74.00 | 85.00 | NOTE | |
| r-oldrel-macos-arm64 | 0.4.0 | 4.00 | 33.00 | 37.00 | NOTE | |
| r-oldrel-macos-x86_64 | 0.4.0 | 11.00 | 110.00 | 121.00 | NOTE | |
| r-oldrel-windows-x86_64 | 0.4.0 | 13.00 | 93.00 | 106.00 | NOTE |
Version: 0.4.0
Check: Rd files
Result: NOTE
checkRd: (-1) pr_stem_sentences.Rd:20: Lost braces; missing escapes or markup?
20 | Implementation of the {SnowballC} stemmer. Note that punctuation and capital letters
| ^
checkRd: (-1) pr_stem_words.Rd:20: Lost braces; missing escapes or markup?
20 | Implementation of the {SnowballC} stemmer. Note that punctuation and capitals letters
| ^
checkRd: (-1) proust_sentiments.Rd:7: Lost braces; missing escapes or markup?
7 | See the {rfeel} package now: http://github.com/ColinFay/rfeel}
| ^
checkRd: (-1) proust_sentiments.Rd:20: Lost braces; missing escapes or markup?
20 | See the {rfeel} package now: http://github.com/ColinFay/rfeel
| ^
Flavors: r-devel-linux-x86_64-debian-clang, r-devel-linux-x86_64-debian-gcc, r-devel-linux-x86_64-fedora-clang, r-devel-linux-x86_64-fedora-gcc, r-devel-windows-x86_64, r-patched-linux-x86_64, r-release-linux-x86_64, r-release-macos-arm64, r-release-macos-x86_64, r-release-windows-x86_64, r-oldrel-macos-arm64, r-oldrel-macos-x86_64, r-oldrel-windows-x86_64