CRAN Package Check Results for Package protr

Last updated on 2025-07-18 08:51:11 CEST.

Flavor Version Tinstall Tcheck Ttotal Status Flags
r-devel-linux-x86_64-debian-clang 1.7-4 17.57 76.55 94.12 NOTE
r-devel-linux-x86_64-debian-gcc 1.7-4 11.43 55.09 66.52 NOTE
r-devel-linux-x86_64-fedora-clang 1.7-4 148.08 OK
r-devel-linux-x86_64-fedora-gcc 1.7-4 156.49 OK
r-devel-windows-x86_64 1.7-4 19.00 105.00 124.00 OK
r-patched-linux-x86_64 1.7-4 18.33 70.09 88.42 OK
r-release-linux-x86_64 1.7-4 16.75 70.99 87.74 OK
r-release-macos-arm64 1.7-4 56.00 OK
r-release-macos-x86_64 1.7-4 127.00 OK
r-release-windows-x86_64 1.7-4 18.00 103.00 121.00 OK
r-oldrel-macos-arm64 1.7-4 57.00 OK
r-oldrel-macos-x86_64 1.7-4 101.00 OK
r-oldrel-windows-x86_64 1.7-4 19.00 128.00 147.00 OK

Check Details

Version: 1.7-4
Check: DESCRIPTION meta-information
Result: NOTE Author field differs from that derived from Authors@R Author: ‘Nan Xiao [aut, cre] (<https://orcid.org/0000-0002-0250-5673>), Qing-Song Xu [aut], Dong-Sheng Cao [aut], Sebastian Mueller [ctb] (Alva Genomics)’ Authors@R: ‘Nan Xiao [aut, cre] (ORCID: <https://orcid.org/0000-0002-0250-5673>), Qing-Song Xu [aut], Dong-Sheng Cao [aut], Sebastian Mueller [ctb] (company: Alva Genomics)’ Flavors: r-devel-linux-x86_64-debian-clang, r-devel-linux-x86_64-debian-gcc