Last updated on 2025-10-27 07:50:09 CET.
| Flavor | Version | Tinstall | Tcheck | Ttotal | Status | Flags |
|---|---|---|---|---|---|---|
| r-devel-linux-x86_64-debian-clang | 1.0.8 | 14.74 | 336.14 | 350.88 | NOTE | |
| r-devel-linux-x86_64-debian-gcc | 1.0.8 | 9.26 | 214.12 | 223.38 | NOTE | |
| r-devel-linux-x86_64-fedora-clang | 1.0.8 | 32.00 | 514.30 | 546.30 | NOTE | |
| r-devel-linux-x86_64-fedora-gcc | 1.0.8 | 71.00 | 514.67 | 585.67 | NOTE | |
| r-devel-windows-x86_64 | 1.0.8 | 15.00 | 298.00 | 313.00 | OK | |
| r-patched-linux-x86_64 | 1.0.8 | 15.30 | 322.47 | 337.77 | OK | |
| r-release-linux-x86_64 | 1.0.8 | 12.18 | 321.54 | 333.72 | OK | |
| r-release-macos-arm64 | 1.0.8 | 7.00 | 135.00 | 142.00 | OK | |
| r-release-macos-x86_64 | 1.0.8 | 14.00 | 380.00 | 394.00 | OK | |
| r-release-windows-x86_64 | 1.0.8 | 15.00 | 297.00 | 312.00 | OK | |
| r-oldrel-macos-arm64 | 1.0.8 | 6.00 | 146.00 | 152.00 | OK | |
| r-oldrel-macos-x86_64 | 1.0.8 | 19.00 | 380.00 | 399.00 | OK | |
| r-oldrel-windows-x86_64 | 1.0.8 | 20.00 | 412.00 | 432.00 | OK |
Version: 1.0.8
Check: Rd files
Result: NOTE
checkRd: (-1) pre.Rd:246-281: Only 6 columns allowed in this table (row 2 has 1)
checkRd: (-1) pre.Rd:246-281: Only 6 columns allowed in this table (row 9 has 1)
checkRd: (-1) pre.Rd:246-281: Only 6 columns allowed in this table (row 16 has 1)
checkRd: (-1) pre.Rd:246-281: Only 6 columns allowed in this table (row 20 has 1)
checkRd: (-1) pre.Rd:246-281: Only 6 columns allowed in this table (row 24 has 1)
checkRd: (-1) pre.Rd:246-281: Only 6 columns allowed in this table (row 30 has 1)
Flavors: r-devel-linux-x86_64-debian-clang, r-devel-linux-x86_64-debian-gcc, r-devel-linux-x86_64-fedora-clang, r-devel-linux-x86_64-fedora-gcc