Last updated on 2025-10-27 07:50:09 CET.
| Flavor | Version | Tinstall | Tcheck | Ttotal | Status | Flags |
|---|---|---|---|---|---|---|
| r-devel-linux-x86_64-debian-clang | 1.3 | 13.49 | 27.03 | 40.52 | NOTE | |
| r-devel-linux-x86_64-debian-gcc | 1.3 | 11.26 | 21.12 | 32.38 | NOTE | |
| r-devel-linux-x86_64-fedora-clang | 1.3 | 47.00 | 26.46 | 73.46 | NOTE | |
| r-devel-linux-x86_64-fedora-gcc | 1.3 | 28.00 | 38.60 | 66.60 | NOTE | |
| r-devel-windows-x86_64 | 1.3 | 15.00 | 57.00 | 72.00 | OK | |
| r-patched-linux-x86_64 | 1.3 | 15.17 | 25.41 | 40.58 | OK | |
| r-release-linux-x86_64 | 1.3 | 14.64 | 25.62 | 40.26 | OK | |
| r-release-macos-arm64 | 1.3 | 6.00 | 17.00 | 23.00 | OK | |
| r-release-macos-x86_64 | 1.3 | 11.00 | 27.00 | 38.00 | OK | |
| r-release-windows-x86_64 | 1.3 | 16.00 | 63.00 | 79.00 | OK | |
| r-oldrel-macos-arm64 | 1.3 | 8.00 | 16.00 | 24.00 | OK | |
| r-oldrel-macos-x86_64 | 1.3 | 10.00 | 29.00 | 39.00 | OK | |
| r-oldrel-windows-x86_64 | 1.3 | 17.00 | 73.00 | 90.00 | OK |
Version: 1.3
Check: CRAN incoming feasibility
Result: NOTE
Maintainer: ‘Chong Wu <wuxx0845@umn.edu>’
No Authors@R field in DESCRIPTION.
Please add one, modifying
Authors@R: c(person(given = "Chong",
family = "Wu",
role = c("aut", "cre"),
email = "wuxx0845@umn.edu"),
person(given = "Wei",
family = "Pan",
role = "aut"))
as necessary.
Flavors: r-devel-linux-x86_64-debian-clang, r-devel-linux-x86_64-debian-gcc
Version: 1.3
Check: compiled code
Result: NOTE
File ‘prclust/libs/prclust.so’:
Found no calls to: ‘R_registerRoutines’, ‘R_useDynamicSymbols’
It is good practice to register native routines and to disable symbol
search.
See ‘Writing portable packages’ in the ‘Writing R Extensions’ manual.
Flavors: r-devel-linux-x86_64-fedora-clang, r-devel-linux-x86_64-fedora-gcc