Last updated on 2025-10-27 19:53:08 CET.
| Flavor | Version | Tinstall | Tcheck | Ttotal | Status | Flags |
|---|---|---|---|---|---|---|
| r-devel-linux-x86_64-debian-clang | 0.1.1 | 8.75 | 70.37 | 79.12 | OK | |
| r-devel-linux-x86_64-debian-gcc | 0.1.1 | 6.08 | 49.53 | 55.61 | OK | |
| r-devel-linux-x86_64-fedora-clang | 0.1.1 | 23.00 | 95.50 | 118.50 | OK | |
| r-devel-linux-x86_64-fedora-gcc | 0.1.1 | 20.00 | 91.52 | 111.52 | OK | |
| r-devel-windows-x86_64 | 0.1.1 | 10.00 | 75.00 | 85.00 | OK | |
| r-patched-linux-x86_64 | 0.1.1 | 8.40 | 64.25 | 72.65 | OK | |
| r-release-linux-x86_64 | 0.1.1 | 7.51 | 63.40 | 70.91 | OK | |
| r-release-macos-arm64 | 0.1.1 | 3.00 | 28.00 | 31.00 | OK | |
| r-release-macos-x86_64 | 0.1.1 | 5.00 | 48.00 | 53.00 | OK | |
| r-release-windows-x86_64 | 0.1.1 | 10.00 | 76.00 | 86.00 | OK | |
| r-oldrel-macos-arm64 | 0.1.1 | 3.00 | 27.00 | 30.00 | NOTE | |
| r-oldrel-macos-x86_64 | 0.1.1 | 5.00 | 37.00 | 42.00 | NOTE | |
| r-oldrel-windows-x86_64 | 0.1.1 | 12.00 | 94.00 | 106.00 | NOTE |
Version: 0.1.1
Check: LazyData
Result: NOTE
'LazyData' is specified without a 'data' directory
Flavors: r-oldrel-macos-arm64, r-oldrel-macos-x86_64, r-oldrel-windows-x86_64