CRAN Package Check Results for Package pid

Last updated on 2025-07-18 08:51:10 CEST.

Flavor Version Tinstall Tcheck Ttotal Status Flags
r-devel-linux-x86_64-debian-clang 0.50 6.85 64.56 71.41 OK
r-devel-linux-x86_64-debian-gcc 0.50 4.80 46.59 51.39 OK
r-devel-linux-x86_64-fedora-clang 0.50 111.11 NOTE
r-devel-linux-x86_64-fedora-gcc 0.50 100.05 NOTE
r-devel-windows-x86_64 0.50 9.00 79.00 88.00 OK
r-patched-linux-x86_64 0.50 6.28 59.37 65.65 OK
r-release-linux-x86_64 0.50 5.75 60.32 66.07 OK
r-release-macos-arm64 0.50 32.00 OK
r-release-macos-x86_64 0.50 55.00 OK
r-release-windows-x86_64 0.50 9.00 79.00 88.00 OK
r-oldrel-macos-arm64 0.50 29.00 OK
r-oldrel-macos-x86_64 0.50 47.00 OK
r-oldrel-windows-x86_64 0.50 10.00 100.00 110.00 OK

Check Details

Version: 0.50
Check: dependencies in R code
Result: NOTE Namespace in Imports field not imported from: ‘FrF2.catlg128’ All declared Imports should be used. Flavors: r-devel-linux-x86_64-fedora-clang, r-devel-linux-x86_64-fedora-gcc