CRAN Package Check Results for Package oro.dicom

Last updated on 2025-07-18 08:51:08 CEST.

Flavor Version Tinstall Tcheck Ttotal Status Flags
r-devel-linux-x86_64-debian-clang 0.5.3 2.93 46.12 49.05 NOTE
r-devel-linux-x86_64-debian-gcc 0.5.3 2.17 34.57 36.74 NOTE
r-devel-linux-x86_64-fedora-clang 0.5.3 78.56 OK
r-devel-linux-x86_64-fedora-gcc 0.5.3 88.89 OK
r-devel-windows-x86_64 0.5.3 6.00 108.00 114.00 OK
r-patched-linux-x86_64 0.5.3 3.16 43.79 46.95 OK
r-release-linux-x86_64 0.5.3 2.69 43.52 46.21 OK
r-release-macos-arm64 0.5.3 39.00 OK
r-release-macos-x86_64 0.5.3 87.00 OK
r-release-windows-x86_64 0.5.3 5.00 99.00 104.00 OK
r-oldrel-macos-arm64 0.5.3 42.00 OK
r-oldrel-macos-x86_64 0.5.3 67.00 OK
r-oldrel-windows-x86_64 0.5.3 7.00 115.00 122.00 OK

Check Details

Version: 0.5.3
Check: CRAN incoming feasibility
Result: NOTE Maintainer: ‘Brandon Whitcher <bwhitcher@gmail.com>’ Package CITATION file contains call(s) to old-style personList() or as.personList(). Please use c() on person objects instead. Package CITATION file contains call(s) to old-style citEntry(). Please use bibentry() instead. Flavors: r-devel-linux-x86_64-debian-clang, r-devel-linux-x86_64-debian-gcc