Last updated on 2025-10-27 19:53:06 CET.
| Flavor | Version | Tinstall | Tcheck | Ttotal | Status | Flags |
|---|---|---|---|---|---|---|
| r-devel-linux-x86_64-debian-clang | 0.4.0 | 13.92 | 220.15 | 234.07 | OK | |
| r-devel-linux-x86_64-debian-gcc | 0.4.0 | 10.51 | 166.10 | 176.61 | OK | |
| r-devel-linux-x86_64-fedora-clang | 0.4.0 | 33.00 | 317.88 | 350.88 | NOTE | |
| r-devel-linux-x86_64-fedora-gcc | 0.4.0 | 31.00 | 326.10 | 357.10 | NOTE | |
| r-devel-windows-x86_64 | 0.4.0 | 16.00 | 214.00 | 230.00 | OK | |
| r-patched-linux-x86_64 | 0.4.0 | 12.76 | 202.54 | 215.30 | OK | |
| r-release-linux-x86_64 | 0.4.0 | 13.36 | 203.23 | 216.59 | OK | |
| r-release-macos-arm64 | 0.4.0 | 6.00 | 101.00 | 107.00 | OK | |
| r-release-macos-x86_64 | 0.4.0 | 17.00 | 316.00 | 333.00 | OK | |
| r-release-windows-x86_64 | 0.4.0 | 15.00 | 222.00 | 237.00 | OK | |
| r-oldrel-macos-arm64 | 0.4.0 | 6.00 | 93.00 | 99.00 | OK | |
| r-oldrel-macos-x86_64 | 0.4.0 | 9.00 | 136.00 | 145.00 | OK | |
| r-oldrel-windows-x86_64 | 0.4.0 | 23.00 | 281.00 | 304.00 | OK |
Version: 0.4.0
Check: dependencies in R code
Result: NOTE
Namespaces in Imports field not imported from:
‘dplyr’ ‘e1071’ ‘pROC’ ‘purrr’ ‘randomForest’ ‘rlang’
All declared Imports should be used.
Flavors: r-devel-linux-x86_64-fedora-clang, r-devel-linux-x86_64-fedora-gcc