CRAN Package Check Results for Package nets

Last updated on 2025-07-18 08:51:07 CEST.

Flavor Version Tinstall Tcheck Ttotal Status Flags
r-devel-linux-x86_64-debian-clang 0.9.1 3.98 25.50 29.48 NOTE
r-devel-linux-x86_64-debian-gcc 0.9.1 3.18 20.53 23.71 NOTE
r-devel-linux-x86_64-fedora-clang 0.9.1 47.54 OK
r-devel-linux-x86_64-fedora-gcc 0.9.1 44.20 OK
r-devel-windows-x86_64 0.9.1 7.00 46.00 53.00 OK
r-patched-linux-x86_64 0.9.1 4.10 24.22 28.32 NOTE
r-release-linux-x86_64 0.9.1 4.35 24.46 28.81 NOTE
r-release-macos-arm64 0.9.1 21.00 OK
r-release-macos-x86_64 0.9.1 33.00 OK
r-release-windows-x86_64 0.9.1 8.00 48.00 56.00 OK
r-oldrel-macos-arm64 0.9.1 20.00 OK
r-oldrel-macos-x86_64 0.9.1 41.00 OK
r-oldrel-windows-x86_64 0.9.1 10.00 51.00 61.00 OK

Check Details

Version: 0.9.1
Check: CRAN incoming feasibility
Result: NOTE Maintainer: ‘Christian Brownlees <christian.brownlees@upf.edu>’ No Authors@R field in DESCRIPTION. Please add one, modifying Authors@R: person(given = "Christian", family = "Brownlees", role = c("aut", "cre"), email = "christian.brownlees@upf.edu") as necessary. Flavors: r-devel-linux-x86_64-debian-clang, r-devel-linux-x86_64-debian-gcc

Version: 0.9.1
Check: for unstated dependencies in ‘demo’
Result: NOTE 'library' or 'require' call not declared from: ‘MASS’ Flavors: r-devel-linux-x86_64-debian-clang, r-devel-linux-x86_64-debian-gcc, r-patched-linux-x86_64, r-release-linux-x86_64