Last updated on 2025-07-18 08:51:07 CEST.
Flavor | Version | Tinstall | Tcheck | Ttotal | Status | Flags |
---|---|---|---|---|---|---|
r-devel-linux-x86_64-debian-clang | 1.1 | 6.62 | 60.91 | 67.53 | NOTE | |
r-devel-linux-x86_64-debian-gcc | 1.1 | 5.15 | 44.37 | 49.52 | NOTE | |
r-devel-linux-x86_64-fedora-clang | 1.1 | 107.20 | OK | |||
r-devel-linux-x86_64-fedora-gcc | 1.1 | 94.87 | OK | |||
r-devel-windows-x86_64 | 1.1 | 8.00 | 82.00 | 90.00 | NOTE | |
r-patched-linux-x86_64 | 1.1 | 7.30 | 55.02 | 62.32 | NOTE | |
r-release-linux-x86_64 | 1.1 | 5.44 | 55.17 | 60.61 | NOTE | |
r-release-macos-arm64 | 1.1 | 36.00 | OK | |||
r-release-macos-x86_64 | 1.1 | 60.00 | OK | |||
r-release-windows-x86_64 | 1.1 | 10.00 | 83.00 | 93.00 | NOTE | |
r-oldrel-macos-arm64 | 1.1 | 36.00 | OK | |||
r-oldrel-macos-x86_64 | 1.1 | 55.00 | OK | |||
r-oldrel-windows-x86_64 | 1.1 | 9.00 | 93.00 | 102.00 | OK |
Version: 1.1
Check: Rd cross-references
Result: NOTE
Found the following Rd file(s) with Rd \link{} targets missing package
anchors:
fit_xform.Rd: xform, xyzmatrix, computeTransform
fit_xform_brain.Rd: computeTransform
guess_templatebrain.Rd: im3d
local_reg_dir_for_url.Rd: user_data_dir
xform_brain.Rd: cmtk.reformatx, xform, xformpoints, xformimage
Please provide package anchors for all Rd \link{} targets not in the
package itself and the base packages.
Flavors: r-devel-linux-x86_64-debian-clang, r-devel-linux-x86_64-debian-gcc, r-devel-windows-x86_64, r-patched-linux-x86_64, r-release-linux-x86_64, r-release-windows-x86_64