CRAN Package Check Results for Package multiridge

Last updated on 2025-07-18 08:51:07 CEST.

Flavor Version Tinstall Tcheck Ttotal Status Flags
r-devel-linux-x86_64-debian-clang 1.11 7.71 73.53 81.24 NOTE
r-devel-linux-x86_64-debian-gcc 1.11 5.99 53.14 59.13 NOTE
r-devel-linux-x86_64-fedora-clang 1.11 134.01 OK
r-devel-linux-x86_64-fedora-gcc 1.11 120.11 OK
r-devel-windows-x86_64 1.11 10.00 87.00 97.00 OK
r-patched-linux-x86_64 1.11 8.37 69.70 78.07 OK
r-release-linux-x86_64 1.11 7.41 71.67 79.08 OK
r-release-macos-arm64 1.11 39.00 OK
r-release-macos-x86_64 1.11 69.00 OK
r-release-windows-x86_64 1.11 10.00 87.00 97.00 OK
r-oldrel-macos-arm64 1.11 39.00 OK
r-oldrel-macos-x86_64 1.11 56.00 OK
r-oldrel-windows-x86_64 1.11 12.00 117.00 129.00 OK

Check Details

Version: 1.11
Check: CRAN incoming feasibility
Result: NOTE Maintainer: ‘Mark A. van de Wiel <mark.vdwiel@amsterdamumc.nl>’ No Authors@R field in DESCRIPTION. Please add one, modifying Authors@R: person(given = c("Mark", "A."), family = "van de Wiel", role = c("aut", "cre"), email = "mark.vdwiel@amsterdamumc.nl") as necessary. The Description field contains be specified. See Van de Wiel et al. (2021), <arXiv:2005.09301>. Please refer to arXiv e-prints via their arXiv DOI <doi:10.48550/arXiv.YYMM.NNNNN>. Flavors: r-devel-linux-x86_64-debian-clang, r-devel-linux-x86_64-debian-gcc