Last updated on 2025-07-18 08:51:07 CEST.
Flavor | Version | Tinstall | Tcheck | Ttotal | Status | Flags |
---|---|---|---|---|---|---|
r-devel-linux-x86_64-debian-clang | 1.0.0 | 137.07 | 109.57 | 246.64 | NOTE | |
r-devel-linux-x86_64-debian-gcc | 1.0.0 | 127.64 | 90.18 | 217.82 | NOTE | |
r-devel-linux-x86_64-fedora-clang | 1.0.0 | 422.07 | OK | |||
r-devel-linux-x86_64-fedora-gcc | 1.0.0 | 460.91 | OK | |||
r-devel-windows-x86_64 | 1.0.0 | 150.00 | 136.00 | 286.00 | OK | |
r-patched-linux-x86_64 | 1.0.0 | 153.94 | 118.87 | 272.81 | OK | |
r-release-linux-x86_64 | 1.0.0 | 155.67 | 121.23 | 276.90 | OK | |
r-release-macos-arm64 | 1.0.0 | 91.00 | OK | |||
r-release-macos-x86_64 | 1.0.0 | 338.00 | OK | |||
r-release-windows-x86_64 | 1.0.0 | 148.00 | 139.00 | 287.00 | OK | |
r-oldrel-macos-arm64 | 1.0.0 | 58.00 | NOTE | |||
r-oldrel-macos-x86_64 | 1.0.0 | 103.00 | NOTE | |||
r-oldrel-windows-x86_64 | 1.0.0 | 172.00 | 172.00 | 344.00 | NOTE |
Version: 1.0.0
Check: CRAN incoming feasibility
Result: NOTE
Maintainer: ‘Yuqi Tian <yuqitian35@gmail.com>’
The Description field contains
with Semiparametric Cumulative Probability Models". <arXiv:2207.02815>.
Please refer to arXiv e-prints via their arXiv DOI <doi:10.48550/arXiv.YYMM.NNNNN>.
Flavors: r-devel-linux-x86_64-debian-clang, r-devel-linux-x86_64-debian-gcc
Version: 1.0.0
Check: installed package size
Result: NOTE
installed size is 42.6Mb
sub-directories of 1Mb or more:
libs 42.3Mb
Flavors: r-oldrel-macos-arm64, r-oldrel-macos-x86_64
Version: 1.0.0
Check: for GNU extensions in Makefiles
Result: NOTE
GNU make is a SystemRequirements.
Flavors: r-oldrel-macos-arm64, r-oldrel-macos-x86_64, r-oldrel-windows-x86_64