Last updated on 2025-10-26 18:50:17 CET.
| Flavor | Version | Tinstall | Tcheck | Ttotal | Status | Flags |
|---|---|---|---|---|---|---|
| r-devel-linux-x86_64-debian-clang | 4.2.6 | 59.59 | 450.76 | 510.35 | OK | |
| r-devel-linux-x86_64-debian-gcc | 4.2.6 | 35.88 | 289.36 | 325.24 | OK | |
| r-devel-linux-x86_64-fedora-clang | 4.2.6 | 151.00 | 700.98 | 851.98 | OK | |
| r-devel-linux-x86_64-fedora-gcc | 4.2.6 | 130.00 | 683.04 | 813.04 | OK | |
| r-devel-windows-x86_64 | 4.2.6 | 58.00 | 420.00 | 478.00 | OK | |
| r-patched-linux-x86_64 | 4.2.6 | 60.57 | 428.21 | 488.78 | OK | |
| r-release-linux-x86_64 | 4.2.6 | 54.54 | 427.23 | 481.77 | OK | |
| r-release-macos-arm64 | 4.2.6 | 29.00 | 191.00 | 220.00 | OK | |
| r-release-macos-x86_64 | 4.2.6 | 61.00 | 391.00 | 452.00 | OK | |
| r-release-windows-x86_64 | 4.2.6 | 58.00 | 416.00 | 474.00 | OK | |
| r-oldrel-macos-arm64 | 4.2.6 | 25.00 | 152.00 | 177.00 | NOTE | |
| r-oldrel-macos-x86_64 | 4.2.6 | 48.00 | 301.00 | 349.00 | NOTE | |
| r-oldrel-windows-x86_64 | 4.2.6 | 81.00 | 575.00 | 656.00 | OK |
Version: 4.2.6
Check: installed package size
Result: NOTE
installed size is 5.4Mb
sub-directories of 1Mb or more:
R 2.0Mb
Flavors: r-oldrel-macos-arm64, r-oldrel-macos-x86_64