CRAN Package Check Results for Package mixdist

Last updated on 2025-07-18 08:51:06 CEST.

Flavor Version Tinstall Tcheck Ttotal Status Flags
r-devel-linux-x86_64-debian-clang 0.5-5 3.59 76.02 79.61 NOTE
r-devel-linux-x86_64-debian-gcc 0.5-5 2.57 51.21 53.78 NOTE
r-devel-linux-x86_64-fedora-clang 0.5-5 126.15 OK
r-devel-linux-x86_64-fedora-gcc 0.5-5 120.68 OK
r-devel-windows-x86_64 0.5-5 5.00 89.00 94.00 OK
r-patched-linux-x86_64 0.5-5 3.98 75.28 79.26 OK
r-release-linux-x86_64 0.5-5 2.63 72.19 74.82 OK
r-release-macos-arm64 0.5-5 34.00 OK
r-release-macos-x86_64 0.5-5 84.00 OK
r-release-windows-x86_64 0.5-5 4.00 94.00 98.00 OK
r-oldrel-macos-arm64 0.5-5 32.00 OK
r-oldrel-macos-x86_64 0.5-5 93.00 OK
r-oldrel-windows-x86_64 0.5-5 6.00 87.00 93.00 OK

Check Details

Version: 0.5-5
Check: CRAN incoming feasibility
Result: NOTE Maintainer: ‘Peter Macdonald <pdmmac@mcmaster.ca>’ No Authors@R field in DESCRIPTION. Please add one, modifying Authors@R: c(person(given = "Peter", family = "Macdonald", role = c("aut", "cre"), email = "pdmmac@mcmaster.ca"), person(given = c("with", "contributions", "from", "Juan"), family = "Du", role = "aut", email = "duduyy@hotmail.com")) as necessary. Flavors: r-devel-linux-x86_64-debian-clang, r-devel-linux-x86_64-debian-gcc